{"id":59,"date":"2016-02-14T13:38:53","date_gmt":"2016-02-14T11:38:53","guid":{"rendered":"http:\/\/laureensal.hypotheses.org\/?page_id=59"},"modified":"2017-07-04T18:06:42","modified_gmt":"2017-07-04T16:06:42","slug":"theses-soutenues","status":"publish","type":"page","link":"https:\/\/www.laure.archi.fr\/?page_id=59","title":{"rendered":"Th\u00e8ses soutenues"},"content":{"rendered":"<p>&#8211; <a href=\"https:\/\/www.laure.archi.fr\/?page_id=389\">Olivier Perrier<\/a> :\u00a0<strong>\u00a0\u00bb <em>Dynamiques ornementales, habiter le geste &#8211; Usages et fonctions transdisciplinaires \u00ab\u00a0, <\/em><\/strong>dir.\u00a0: Laurent Baridon, codir.: <a href=\"https:\/\/www.laure.archi.fr\/?page_id=380\">Fran\u00e7ois Tran<\/a><\/p>\n<p>Soutenue le 19 novembre 2016<\/p>\n<p>&#8211;<a href=\"https:\/\/www.laure.archi.fr\/?page_id=362\">\u00a0Pascale Mira<\/a>\u00a0: <em><strong>\u00a0\u00bb Pensez l&rsquo;architecture environnementale, des id\u00e9es aux formes et des formes aux id\u00e9es. Dans quel processus de n\u00e9omorphisation sommes-nous? \u00ab\u00a0,<\/strong><\/em> dir.: <a href=\"https:\/\/www.laure.archi.fr\/?page_id=334\">Fran\u00e7ois Fleury<\/a><\/p>\n<p>Soutenue le 18 d\u00e9cembre 2015<\/p>\n<p>&#8211;\u00a0<a href=\"https:\/\/www.laure.archi.fr\/?page_id=200\">Estelle Demilly<\/a> : <em><strong>\u00a0\u00bb Autisme et architecture: Relations entre les formes architecturales et l&rsquo;\u00e9tat clinique des patients \u00a0\u00bb , <\/strong><\/em>dir.: <a href=\"https:\/\/www.laure.archi.fr\/?page_id=334\">Fran\u00e7ois Fleury<\/a><\/p>\n<p>Soutenue le 24 juin 2014<\/p>\n<p>&nbsp;<\/p>\n<p>&nbsp;<\/p>\n<p>&nbsp;<\/p>\n<p>&nbsp;<\/p>\n<p>&nbsp;<\/p>\n<p>&nbsp;<\/p>\n<p>&nbsp;<\/p>\n<p>&nbsp;<\/p>\n<p>&nbsp;<\/p>\n<p>&nbsp;<\/p>\n<p>&nbsp;<\/p>\n<p>&nbsp;<\/p>\n","protected":false},"excerpt":{"rendered":"<p>&#8211; Olivier Perrier :\u00a0\u00a0\u00bb Dynamiques ornementales, habiter le geste &#8211; Usages et fonctions transdisciplinaires \u00ab\u00a0, dir.\u00a0: Laurent Baridon, codir.: Fran\u00e7ois Tran Soutenue le 19 novembre 2016 &#8211;\u00a0Pascale Mira\u00a0: \u00a0\u00bb Pensez l&rsquo;architecture environnementale, des id\u00e9es aux formes et des formes aux id\u00e9es. Dans quel processus de n\u00e9omorphisation sommes-nous? \u00ab\u00a0, dir.: Fran\u00e7ois Fleury Soutenue le 18 d\u00e9cembre &hellip; <a href=\"https:\/\/www.laure.archi.fr\/?page_id=59\" class=\"more-link\">Continuer la lecture de <span class=\"screen-reader-text\">Th\u00e8ses soutenues<\/span> <span class=\"meta-nav\">&rarr;<\/span><\/a><\/p>\n","protected":false},"author":2,"featured_media":0,"parent":0,"menu_order":0,"comment_status":"closed","ping_status":"closed","template":"","meta":[],"_links":{"self":[{"href":"https:\/\/www.laure.archi.fr\/index.php?rest_route=\/wp\/v2\/pages\/59"}],"collection":[{"href":"https:\/\/www.laure.archi.fr\/index.php?rest_route=\/wp\/v2\/pages"}],"about":[{"href":"https:\/\/www.laure.archi.fr\/index.php?rest_route=\/wp\/v2\/types\/page"}],"author":[{"embeddable":true,"href":"https:\/\/www.laure.archi.fr\/index.php?rest_route=\/wp\/v2\/users\/2"}],"replies":[{"embeddable":true,"href":"https:\/\/www.laure.archi.fr\/index.php?rest_route=%2Fwp%2Fv2%2Fcomments&post=59"}],"version-history":[{"count":2,"href":"https:\/\/www.laure.archi.fr\/index.php?rest_route=\/wp\/v2\/pages\/59\/revisions"}],"predecessor-version":[{"id":770,"href":"https:\/\/www.laure.archi.fr\/index.php?rest_route=\/wp\/v2\/pages\/59\/revisions\/770"}],"wp:attachment":[{"href":"https:\/\/www.laure.archi.fr\/index.php?rest_route=%2Fwp%2Fv2%2Fmedia&parent=59"}],"curies":[{"name":"wp","href":"https:\/\/api.w.org\/{rel}","templated":true}]}}

Thèses soutenues

<p>&#8211; <a href="https://www.laure.archi.fr/?page_id=389">Olivier Perrier</a> : <strong> » <em>Dynamiques ornementales, habiter le geste &#8211; Usages et fonctions transdisciplinaires « , </em></strong>dir. : Laurent Baridon, codir.: <a href="https://www.laure.archi.fr/?page_id=380">François Tran</a></p>
<p>Soutenue le 19 novembre 2016</p>
<p>&#8211;<a href="https://www.laure.archi.fr/?page_id=362"> Pascale Mira</a> : <em><strong> » Pensez l&rsquo;architecture environnementale, des idées aux formes et des formes aux idées. Dans quel processus de néomorphisation sommes-nous? « ,</strong></em> dir.: <a href="https://www.laure.archi.fr/?page_id=334">François Fleury</a></p>
<p>Soutenue le 18 décembre 2015</p>
<p>&#8211; <a href="https://www.laure.archi.fr/?page_id=200">Estelle Demilly</a> : <em><strong> » Autisme et architecture: Relations entre les formes architecturales et l&rsquo;état clinique des patients  » , </strong></em>dir.: <a href="https://www.laure.archi.fr/?page_id=334">François Fleury</a></p>
<p>Soutenue le 24 juin 2014</p>
<p>&nbsp;</p>
<p>&nbsp;</p>
<p>&nbsp;</p>
<p>&nbsp;</p>
<p>&nbsp;</p>
<p>&nbsp;</p>
<p>&nbsp;</p>
<p>&nbsp;</p>
<p>&nbsp;</p>
<p>&nbsp;</p>
<p>&nbsp;</p>
<p>&nbsp;</p>

<p>&#8211; Olivier Perrier :  » Dynamiques ornementales, habiter le geste &#8211; Usages et fonctions transdisciplinaires « , dir. : Laurent Baridon, codir.: François Tran Soutenue le 19 novembre 2016 &#8211; Pascale Mira :  » Pensez l&rsquo;architecture environnementale, des idées aux formes et des formes aux idées. Dans quel processus de néomorphisation sommes-nous? « , dir.: François Fleury Soutenue le 18 décembre &hellip; <a href="https://www.laure.archi.fr/?page_id=59" class="more-link">Continuer la lecture de <span class="screen-reader-text">Thèses soutenues</span> <span class="meta-nav">&rarr;</span></a></p>
