{"id":358,"date":"2016-06-15T20:24:40","date_gmt":"2016-06-15T18:24:40","guid":{"rendered":"http:\/\/laureensal.hypotheses.org\/?page_id=358"},"modified":"2019-07-15T11:41:24","modified_gmt":"2019-07-15T09:41:24","slug":"claire-brossaud","status":"publish","type":"page","link":"https:\/\/www.laure.archi.fr\/?page_id=358","title":{"rendered":"Claire Brossaud"},"content":{"rendered":"\n<figure class=\"wp-block-image\"><img loading=\"lazy\" width=\"259\" height=\"300\" src=\"http:\/\/labo-laure.lyon.archi.fr\/wp-content\/uploads\/2016\/06\/BROSSAUD-CLAIRE-259x300.jpg\" alt=\"BROSSAUD CLAIRE\" class=\"wp-image-433\" srcset=\"https:\/\/www.laure.archi.fr\/wp-content\/uploads\/2016\/06\/BROSSAUD-CLAIRE-259x300.jpg 259w, https:\/\/www.laure.archi.fr\/wp-content\/uploads\/2016\/06\/BROSSAUD-CLAIRE.jpg 431w\" sizes=\"(max-width: 259px) 100vw, 259px\" \/><\/figure>\n\n\n\n<p><strong>Chercheure contractuelle \u00e0 l\u2019ENSALyon, associ\u00e9e au Laboratoire EVS-LAURE (UMR 5600)<\/strong><br>Co-fondatrice et animatrice de l\u2019association Coexiscience (Coop\u00e9rer et exp\u00e9rimenter autrement la science) Tiers-lieu de recherche partag\u00e9e, ouverte et responsable (Vaulx-en-Velin)<\/p>\n\n\n\n<h4>sp\u00e9cialit\u00e9s<\/h4>\n\n\n\n<p>B\u00e2timent \u00ab intelligent \u00bb ; usages du b\u00e2timent ; innovation par l\u2019usage ; recherche participative ; communs urbains ; communs de la connaissance.<br>pr\u00e9sentation synth\u00e9tique <br>Chercheure en sciences sociales, consultante et formatrice, j\u2019accompagne depuis 20 ans des innovations sociales et num\u00e9riques dans la cit\u00e9. Je m\u2019int\u00e9resse plus particuli\u00e8rement \u00e0 la mani\u00e8re dont ces savoirs \u00e9mergents transforment l\u2019appropriation des espaces b\u00e2tis (usages du b\u00e2timent durables et num\u00e9riques), la gouvernance des villes (communs urbains) et leurs syst\u00e8mes cognitifs (communs de la connaissance scientifique)<\/p>\n\n\n\n<h4>Exp\u00e9riences professionnelles en bref<\/h4>\n\n\n\n<p>Chercheure en sciences sociales, consultante et formatrice, Lyon, depuis 2015 <br>Responsable de la valorisation de la recherche en SHS, Universit\u00e9 de Lyon, 2009-2014. <br>Chercheure en sociologie, Laboratoires publics, Paris, 2002-2008. <br>Charg\u00e9e d\u2019\u00e9tudes en sociologie, Paris, secteur associatif, 1993-2001. <br>Journaliste, presse \u00e9crite, presse en ligne, Normandie, Paris, 1988 -2001.<br>formation, dipl\u00f4mes, qualifications<br>Doctorat de sociologie, Universit\u00e9 Paris VIII, 2000.<br>DUESS \u00ab Chef de projet culturel et p\u00e9dagogique multim\u00e9dia \u00bb, Universit\u00e9 Paris XIII, 2000.<br>atelier(s) et \/ou plateforme(s) UMR EVS dans lesquelles vous \u00eates inscrit(e) <br>Atelier 6 : Faire soci\u00e9t\u00e9, faire territoire<br>Atelier 7 : \u00e9pist\u00e9mologie et heuristiqu<\/p>\n\n\n\n<h4>Enseignement<\/h4>\n\n\n\n<p>TD Pratique de l\u2019habiter, Licence III, ENSAL, 2015-2017.<br>Encadrement de m\u00e9moires de master \u00e0 l\u2019ENSAL, depuis 2016.<br><\/p>\n\n\n\n<h4>Activit\u00e9s de recherche<\/h4>\n\n\n\n<p>Co-responsable scientifique (avec Sandra Fiori) de l\u2019organisation de la journ\u00e9e d\u2019\u00e9tudes \u00ab Faire la ville en (biens) communs \u00bb, EVS-Laure, ENSAL- Festival le Temps des Communs, Vaulx-en-Velin, 10 octobre 2015. <br>Co-responsable scientifique (avec Guillaume Faburel) du s\u00e9minaire \u00ab\u00a0Commun(s) et territoire(s). Entre spatialit\u00e9 des communs et communalisation des territoires \u00bb, Sciences Po Lyon, 19 juin 2018.<br>depuis 2017 : Co-fondatrice et animatrice de Coexiscience (Coop\u00e9rer et exp\u00e9rimenter autrement la science), Tiers-lieu de recherche partag\u00e9e, ouverte et responsable.<br>Conseil en assistance \u00e0 ma\u00eetrise d\u2019usages sur des op\u00e9rations de programmation, de prototypage ou de d\u00e9monstration industrielle.<br>Tiers veilleur pour le programme de recherche participative de l\u2019ADEME CO3 (Co-construction de connaissance<\/p>\n\n\n\n<h4>Programmes et r\u00e9seaux de recherche <\/h4>\n\n\n\n<p>programmes et partenariats en lien avec des acteurs socio-\u00e9conomiques<br>2017- : Responsable du programme d\u2019\u00e9tudes en sciences sociales \u00ab Appropriations et usages d\u2019un b\u00e2timent versatile \u00e9volutif en secteur tertiaire \u00bb pour le projet de d\u00e9monstrateur MOOVABAT (ER2I, ADEME, EVS-LAURE, MAP-ARIA, SCIENCE PO Lyon). 64 000 euros.<br>2017- : \u00ab Processus BIM (Building information modeling) et relation de service pour la conception d\u2019un b\u00e2timent \u00e9volutif versatile \u00bb, pour le projet de d\u00e9monstrateur MOOVABAT (ER2I, ADEME, EVS-LAURE, MAP-ARIA, SCIENCE PO Lyon). 64 000 euros.<br>2014-2017 : Responsable du programme d&rsquo;\u00e9tudes en sociologie du projet \u00ab Smart Electric Lyon \u00bb portant sur les usages des solutions num\u00e9riques d\u2019affichage et de pilotage d\u2019\u00e9nergie dans l\u2019habitat, EDF R&amp;D- EVS-LAURE-Universit\u00e9 de Lyon. 220 000 euros.<br>2015 : Mise en perspective scientifique de la recherche en SHS sur les transformations des m\u00e9tiers et de la fili\u00e8re du b\u00e2timent introduites par le BIM Management et Etude pr\u00e9alable pour la mise en place d\u2019un r\u00e9f\u00e9rentiel de comp\u00e9tence sur le BIM Management, avec Matthieu Brossette, Eva Caporale, Nicolas Guieu, Lucas Legardinier (\u00e9tudiants de master), EVS-LAURE, ASTUS Construction<br>2019 &#8211; : \u00ab Co-construire une probl\u00e9matique de recherche sur l\u2019habitat et l\u2019\u00e9nergie \u00bb, projet ACTE (Appropriation citoyenne de la transition \u00e9nerg\u00e9tique), Programme Cit\u2019in, Minist\u00e8re de l\u2019Environnement et du D\u00e9veloppement Durable (CNAM, GDR Parcs, Coexiscience). <br>COM-EN-HAB : Construire en commun une probl\u00e9matique de recherche sur l\u2019\u00e9nergie et l\u2019habitat, projet d\u00e9pos\u00e9 le 12 septembre 2018 dans le cadre du programme CO3 de l\u2019ADEME sur la recherche participative, 16 500 euros. Co-d\u00e9posant. Non attribu\u00e9.<\/p>\n\n\n\n<h4>Publications<\/h4>\n\n\n\n<p>BROSSAUD Claire (2018), \u00ab Conditions d\u2019\u00e9mergence et enjeux des communs scientifiques \u00e0 partir d\u2019une exp\u00e9rimentation lyonnaise \u00bb, tic&amp;soci\u00e9t\u00e9, Vol. 12, N\u00b0 1 | -1, 2018, p. 201-228.<br>BROSSAUD Claire, FIORI Sandra (2016) , \u00ab Les communs urbains : perspectives pour la recherche architecturale et urbaine \u00bb , Lieux Communs, n\u00b018, p. 119-130.<br>BROSSAUD Claire, FIORI Sandra, SIMAY Philippe, \u00ab Communs urbains \u00bb, coordination d\u2019un dossier de la revue en ligne M\u00e9tropolitiques, 2019.<br>Brossaud Claire (\u00e0 para\u00eetre) \u00ab La co-innovation au prisme des usages en architecture \u00bb, in LEHMANN Val\u00e9rie, COLLOMB Val\u00e9rie (dir.), L\u2019innovation collective, Presse Universitaire de Qu\u00e9bec, \u00e0 para\u00eetre.<br>Brossaud Claire (dir.) (2015), \u00ab Mise en perspective scientifique de la recherche en SHS sur les transformations des m\u00e9tiers et de la fili\u00e8re du b\u00e2timent introduites par le BIM Management \u00bb (doc 1) et \u00ab Etude pr\u00e9alable pour la mise en place d\u2019un r\u00e9f\u00e9rentiel de comp\u00e9tence sur le BIM Management \u00bb (doc 2), avec Matthieu Brossette, Eva Caporale, Nicolas Guieu, Lucas Legardinier (\u00e9tudiants de master), EVS-LAURE, ASTUS Construction. <br>Brossaud Claire (2017), \u00ab Le num\u00e9rique et les innovations collectives \u00bb, Entretiens Jacques Cartier \u00ab Innovations collectives : quels impacts sur les pratiques et les m\u00e9tiers de demain ? \u00bb, UQUAM, Montr\u00e9al, 16 et 17 octobre 2017.<br>Brossaud Claire (2017), intervention \u00e0 la table-ronde \u00ab Territoires intelligents ou intelligibiles ? \u00bb, 1eres assises Sciences Soci\u00e9t\u00e9s, ALLISS, MSH Sud, Montpellier, 3-5 juillet 2017. <br>Brossaud Claire (2016), \u00ab\u00a0Sciences as a commons : towards a new manufacture of research \u00ab , IASC Conf\u00e9rence \u00ab Advancing knolewledge commons through legal and social changes \u00bb, Sciences Po, Paris, 22 octobre 2016.http:\/\/knowledgecommons.paris\/<br>Brossaud Claire (2016), \u00ab Sciences en communs, vers un nouvel \u00e9cosyst\u00e8me de recherche teritorialis\u00e9 ? \u00bb, 3\u00e8me colloque \u00abInnovation sociale et territoire \u00bb , Gr a s s e , 1 0 n o v emb r e 2 0 1 6 .http:\/\/www.grasse.fr\/2016_11_kiosque_tetris.pdf<br>Brossaud Claire (2015), Ouverture de la journ\u00e9e d\u2019\u00e9tude Faire la ville en (biens) communs,. https:\/\/villeencommuns.sciencesconf.org\/, EVS-Laure, ENSAL- Festival le Temps des Communs, Vaulx-en-Velin, 10 octobre 2015.<br>Brossaud Claire (2015), \u00ab La demande de traces appliqu\u00e9s au Smart Metering : activit\u00e9 r\u00e9flexive et\/ou mod\u00e9lisation des comportements ? \u00bb, Colloque Sciences sociales et transitions \u00e9nerg\u00e9tiques, laboratoires PACTE et CIRED, Grenoble, 27 mai 2015. https:\/\/transition-energetique.sciencesconf.org\/<br>Brossaud Claire (2017), \u00ab\u2009Pour faire syst\u00e8me, les alternatives doivent changer d\u2019\u00e9chelle\u2009\u00bb, hebdomadaire Politis n\u00b0 1483, d\u00e9cembre 2017. https:\/\/vecam.org\/Pour-faire-systeme-les-alternatives-doivent-changer-d-echelle produits de m\u00e9diation scientifique, d\u00e9bats \u00ab\u00a0science et soci\u00e9t\u00e9\u00a0\u00bb <br>Brossaud Claire (2017), \u00ab smart city \u00bb, \u00ab ville collaborative \u00bb et \u00ab ville contributive \u00bb, conf\u00e9rences du cycle \u00ab\u00a0Regards crois\u00e9s sur la ville de demain\u00a0\u00bb de l\u2019Universit\u00e9 Populaire de l\u2019Eau et du D\u00e9veloppement Durable, 12 octobre, Conseil G\u00e9n\u00e9ral 94, ville de Champigny sur Marne, 9 novembre et 7 d\u00e9cembre 2018. https:\/\/www.valdemarne.fr\/newsletters\/conferences-de-lupedd\/les-differentes-villes-de-demain,<br>Brossaud Claire (2017), Participation \u00e0 la table ronde sur les communs de la connaissance, Forum \u00ab D\u00e9mocratie : R\u00eaver, penser, agir ensemble \u00bb, Biblioth\u00e8que de Lyon, Lyon, 10 mars 2017, https:\/\/www.bm-lyon.fr\/nosblogs\/democratie\/article\/le-forum-dans-la-ville-du-9-au-12-mars<br>Brossaud Claire (2017), \u00ab Communs scientifiques : vers une nouvelle fabrique des savoirs ? \u00bb, Forum \u00ab D\u00e9mocratie : R\u00eaver, penser, agir ensemble \u00bb, Biblioth\u00e8que de Lyon, Lyon, 1 4 f \u00e9 v r i er 2 0 1 7 . https:\/\/www.bm-lyon.fr\/spip.phppage=agenda_date_id&amp;source=326&amp;event_id=2634<br>Brossaud Claire (2015), \u00ab Enjeux des communs de la connaissance dans la production du savoir \u00bb, Universit\u00e9 d\u2019automne de Peuple et Culture, Saint Ismier, 30 octobre 2015. http:\/\/www.peuple-et-culture.org\/spip.php?article102<br>Brossaud Claire, Leclerc Oliver, Mille Alain, (2017), \u00ab Vers les communs de la connaissance\u2026 Demain les savoirs en partage ? \u00bb, table-ronde du festival Pop Science 2017, Universit\u00e9 de Lyon, Lyon, 17 juin 2017.<br>Brossaud Claire (2015), \u00ab Usages du BIM dans le b\u00e2timent \u00bb, BIM Bang Event, Salon BePositive, Lyon, 5 mars 2015.http:\/\/www.bim-bang-event.com\/<\/p>\n","protected":false},"excerpt":{"rendered":"<p>Chercheure contractuelle \u00e0 l\u2019ENSALyon, associ\u00e9e au Laboratoire EVS-LAURE (UMR 5600)Co-fondatrice et animatrice de l\u2019association Coexiscience (Coop\u00e9rer et exp\u00e9rimenter autrement la science) Tiers-lieu de recherche partag\u00e9e, ouverte et responsable (Vaulx-en-Velin) sp\u00e9cialit\u00e9s B\u00e2timent \u00ab intelligent \u00bb ; usages du b\u00e2timent ; innovation par l\u2019usage ; recherche participative ; communs urbains ; communs de la connaissance.pr\u00e9sentation synth\u00e9tique Chercheure &hellip; <a href=\"https:\/\/www.laure.archi.fr\/?page_id=358\" class=\"more-link\">Continuer la lecture de <span class=\"screen-reader-text\">Claire Brossaud<\/span> <span class=\"meta-nav\">&rarr;<\/span><\/a><\/p>\n","protected":false},"author":2,"featured_media":0,"parent":19,"menu_order":0,"comment_status":"closed","ping_status":"closed","template":"","meta":[],"_links":{"self":[{"href":"https:\/\/www.laure.archi.fr\/index.php?rest_route=\/wp\/v2\/pages\/358"}],"collection":[{"href":"https:\/\/www.laure.archi.fr\/index.php?rest_route=\/wp\/v2\/pages"}],"about":[{"href":"https:\/\/www.laure.archi.fr\/index.php?rest_route=\/wp\/v2\/types\/page"}],"author":[{"embeddable":true,"href":"https:\/\/www.laure.archi.fr\/index.php?rest_route=\/wp\/v2\/users\/2"}],"replies":[{"embeddable":true,"href":"https:\/\/www.laure.archi.fr\/index.php?rest_route=%2Fwp%2Fv2%2Fcomments&post=358"}],"version-history":[{"count":5,"href":"https:\/\/www.laure.archi.fr\/index.php?rest_route=\/wp\/v2\/pages\/358\/revisions"}],"predecessor-version":[{"id":1139,"href":"https:\/\/www.laure.archi.fr\/index.php?rest_route=\/wp\/v2\/pages\/358\/revisions\/1139"}],"up":[{"embeddable":true,"href":"https:\/\/www.laure.archi.fr\/index.php?rest_route=\/wp\/v2\/pages\/19"}],"wp:attachment":[{"href":"https:\/\/www.laure.archi.fr\/index.php?rest_route=%2Fwp%2Fv2%2Fmedia&parent=358"}],"curies":[{"name":"wp","href":"https:\/\/api.w.org\/{rel}","templated":true}]}}

<figure class="wp-block-image"><img loading="lazy" width="259" height="300" src="http://labo-laure.lyon.archi.fr/wp-content/uploads/2016/06/BROSSAUD-CLAIRE-259x300.jpg" alt="BROSSAUD CLAIRE" class="wp-image-433" srcset="https://www.laure.archi.fr/wp-content/uploads/2016/06/BROSSAUD-CLAIRE-259x300.jpg 259w, https://www.laure.archi.fr/wp-content/uploads/2016/06/BROSSAUD-CLAIRE.jpg 431w" sizes="(max-width: 259px) 100vw, 259px" /></figure>



<p><strong>Chercheure contractuelle à l’ENSALyon, associée au Laboratoire EVS-LAURE (UMR 5600)</strong><br>Co-fondatrice et animatrice de l’association Coexiscience (Coopérer et expérimenter autrement la science) Tiers-lieu de recherche partagée, ouverte et responsable (Vaulx-en-Velin)</p>



<h4>spécialités</h4>



<p>Bâtiment « intelligent » ; usages du bâtiment ; innovation par l’usage ; recherche participative ; communs urbains ; communs de la connaissance.<br>présentation synthétique <br>Chercheure en sciences sociales, consultante et formatrice, j’accompagne depuis 20 ans des innovations sociales et numériques dans la cité. Je m’intéresse plus particulièrement à la manière dont ces savoirs émergents transforment l’appropriation des espaces bâtis (usages du bâtiment durables et numériques), la gouvernance des villes (communs urbains) et leurs systèmes cognitifs (communs de la connaissance scientifique)</p>



<h4>Expériences professionnelles en bref</h4>



<p>Chercheure en sciences sociales, consultante et formatrice, Lyon, depuis 2015 <br>Responsable de la valorisation de la recherche en SHS, Université de Lyon, 2009-2014. <br>Chercheure en sociologie, Laboratoires publics, Paris, 2002-2008. <br>Chargée d’études en sociologie, Paris, secteur associatif, 1993-2001. <br>Journaliste, presse écrite, presse en ligne, Normandie, Paris, 1988 -2001.<br>formation, diplômes, qualifications<br>Doctorat de sociologie, Université Paris VIII, 2000.<br>DUESS « Chef de projet culturel et pédagogique multimédia », Université Paris XIII, 2000.<br>atelier(s) et /ou plateforme(s) UMR EVS dans lesquelles vous êtes inscrit(e) <br>Atelier 6 : Faire société, faire territoire<br>Atelier 7 : épistémologie et heuristiqu</p>



<h4>Enseignement</h4>



<p>TD Pratique de l’habiter, Licence III, ENSAL, 2015-2017.<br>Encadrement de mémoires de master à l’ENSAL, depuis 2016.<br></p>



<h4>Activités de recherche</h4>



<p>Co-responsable scientifique (avec Sandra Fiori) de l’organisation de la journée d’études « Faire la ville en (biens) communs », EVS-Laure, ENSAL- Festival le Temps des Communs, Vaulx-en-Velin, 10 octobre 2015. <br>Co-responsable scientifique (avec Guillaume Faburel) du séminaire « Commun(s) et territoire(s). Entre spatialité des communs et communalisation des territoires », Sciences Po Lyon, 19 juin 2018.<br>depuis 2017 : Co-fondatrice et animatrice de Coexiscience (Coopérer et expérimenter autrement la science), Tiers-lieu de recherche partagée, ouverte et responsable.<br>Conseil en assistance à maîtrise d’usages sur des opérations de programmation, de prototypage ou de démonstration industrielle.<br>Tiers veilleur pour le programme de recherche participative de l’ADEME CO3 (Co-construction de connaissance</p>



<h4>Programmes et réseaux de recherche </h4>



<p>programmes et partenariats en lien avec des acteurs socio-économiques<br>2017- : Responsable du programme d’études en sciences sociales « Appropriations et usages d’un bâtiment versatile évolutif en secteur tertiaire » pour le projet de démonstrateur MOOVABAT (ER2I, ADEME, EVS-LAURE, MAP-ARIA, SCIENCE PO Lyon). 64 000 euros.<br>2017- : « Processus BIM (Building information modeling) et relation de service pour la conception d’un bâtiment évolutif versatile », pour le projet de démonstrateur MOOVABAT (ER2I, ADEME, EVS-LAURE, MAP-ARIA, SCIENCE PO Lyon). 64 000 euros.<br>2014-2017 : Responsable du programme d&rsquo;études en sociologie du projet « Smart Electric Lyon » portant sur les usages des solutions numériques d’affichage et de pilotage d’énergie dans l’habitat, EDF R&amp;D- EVS-LAURE-Université de Lyon. 220 000 euros.<br>2015 : Mise en perspective scientifique de la recherche en SHS sur les transformations des métiers et de la filière du bâtiment introduites par le BIM Management et Etude préalable pour la mise en place d’un référentiel de compétence sur le BIM Management, avec Matthieu Brossette, Eva Caporale, Nicolas Guieu, Lucas Legardinier (étudiants de master), EVS-LAURE, ASTUS Construction<br>2019 &#8211; : « Co-construire une problématique de recherche sur l’habitat et l’énergie », projet ACTE (Appropriation citoyenne de la transition énergétique), Programme Cit’in, Ministère de l’Environnement et du Développement Durable (CNAM, GDR Parcs, Coexiscience). <br>COM-EN-HAB : Construire en commun une problématique de recherche sur l’énergie et l’habitat, projet déposé le 12 septembre 2018 dans le cadre du programme CO3 de l’ADEME sur la recherche participative, 16 500 euros. Co-déposant. Non attribué.</p>



<h4>Publications</h4>



<p>BROSSAUD Claire (2018), « Conditions d’émergence et enjeux des communs scientifiques à partir d’une expérimentation lyonnaise », tic&amp;société, Vol. 12, N° 1 | -1, 2018, p. 201-228.<br>BROSSAUD Claire, FIORI Sandra (2016) , « Les communs urbains : perspectives pour la recherche architecturale et urbaine » , Lieux Communs, n°18, p. 119-130.<br>BROSSAUD Claire, FIORI Sandra, SIMAY Philippe, « Communs urbains », coordination d’un dossier de la revue en ligne Métropolitiques, 2019.<br>Brossaud Claire (à paraître) « La co-innovation au prisme des usages en architecture », in LEHMANN Valérie, COLLOMB Valérie (dir.), L’innovation collective, Presse Universitaire de Québec, à paraître.<br>Brossaud Claire (dir.) (2015), « Mise en perspective scientifique de la recherche en SHS sur les transformations des métiers et de la filière du bâtiment introduites par le BIM Management » (doc 1) et « Etude préalable pour la mise en place d’un référentiel de compétence sur le BIM Management » (doc 2), avec Matthieu Brossette, Eva Caporale, Nicolas Guieu, Lucas Legardinier (étudiants de master), EVS-LAURE, ASTUS Construction. <br>Brossaud Claire (2017), « Le numérique et les innovations collectives », Entretiens Jacques Cartier « Innovations collectives : quels impacts sur les pratiques et les métiers de demain ? », UQUAM, Montréal, 16 et 17 octobre 2017.<br>Brossaud Claire (2017), intervention à la table-ronde « Territoires intelligents ou intelligibiles ? », 1eres assises Sciences Sociétés, ALLISS, MSH Sud, Montpellier, 3-5 juillet 2017. <br>Brossaud Claire (2016), « Sciences as a commons : towards a new manufacture of research « , IASC Conférence « Advancing knolewledge commons through legal and social changes », Sciences Po, Paris, 22 octobre 2016.http://knowledgecommons.paris/<br>Brossaud Claire (2016), « Sciences en communs, vers un nouvel écosystème de recherche teritorialisé ? », 3ème colloque «Innovation sociale et territoire » , Gr a s s e , 1 0 n o v emb r e 2 0 1 6 .http://www.grasse.fr/2016_11_kiosque_tetris.pdf<br>Brossaud Claire (2015), Ouverture de la journée d’étude Faire la ville en (biens) communs,. https://villeencommuns.sciencesconf.org/, EVS-Laure, ENSAL- Festival le Temps des Communs, Vaulx-en-Velin, 10 octobre 2015.<br>Brossaud Claire (2015), « La demande de traces appliqués au Smart Metering : activité réflexive et/ou modélisation des comportements ? », Colloque Sciences sociales et transitions énergétiques, laboratoires PACTE et CIRED, Grenoble, 27 mai 2015. https://transition-energetique.sciencesconf.org/<br>Brossaud Claire (2017), « Pour faire système, les alternatives doivent changer d’échelle », hebdomadaire Politis n° 1483, décembre 2017. https://vecam.org/Pour-faire-systeme-les-alternatives-doivent-changer-d-echelle produits de médiation scientifique, débats « science et société » <br>Brossaud Claire (2017), « smart city », « ville collaborative » et « ville contributive », conférences du cycle « Regards croisés sur la ville de demain » de l’Université Populaire de l’Eau et du Développement Durable, 12 octobre, Conseil Général 94, ville de Champigny sur Marne, 9 novembre et 7 décembre 2018. https://www.valdemarne.fr/newsletters/conferences-de-lupedd/les-differentes-villes-de-demain,<br>Brossaud Claire (2017), Participation à la table ronde sur les communs de la connaissance, Forum « Démocratie : Rêver, penser, agir ensemble », Bibliothèque de Lyon, Lyon, 10 mars 2017, https://www.bm-lyon.fr/nosblogs/democratie/article/le-forum-dans-la-ville-du-9-au-12-mars<br>Brossaud Claire (2017), « Communs scientifiques : vers une nouvelle fabrique des savoirs ? », Forum « Démocratie : Rêver, penser, agir ensemble », Bibliothèque de Lyon, Lyon, 1 4 f é v r i er 2 0 1 7 . https://www.bm-lyon.fr/spip.phppage=agenda_date_id&amp;source=326&amp;event_id=2634<br>Brossaud Claire (2015), « Enjeux des communs de la connaissance dans la production du savoir », Université d’automne de Peuple et Culture, Saint Ismier, 30 octobre 2015. http://www.peuple-et-culture.org/spip.php?article102<br>Brossaud Claire, Leclerc Oliver, Mille Alain, (2017), « Vers les communs de la connaissance… Demain les savoirs en partage ? », table-ronde du festival Pop Science 2017, Université de Lyon, Lyon, 17 juin 2017.<br>Brossaud Claire (2015), « Usages du BIM dans le bâtiment », BIM Bang Event, Salon BePositive, Lyon, 5 mars 2015.http://www.bim-bang-event.com/</p>

<p>Chercheure contractuelle à l’ENSALyon, associée au Laboratoire EVS-LAURE (UMR 5600)Co-fondatrice et animatrice de l’association Coexiscience (Coopérer et expérimenter autrement la science) Tiers-lieu de recherche partagée, ouverte et responsable (Vaulx-en-Velin) spécialités Bâtiment « intelligent » ; usages du bâtiment ; innovation par l’usage ; recherche participative ; communs urbains ; communs de la connaissance.présentation synthétique Chercheure &hellip; <a href="https://www.laure.archi.fr/?page_id=358" class="more-link">Continuer la lecture de <span class="screen-reader-text">Claire Brossaud</span> <span class="meta-nav">&rarr;</span></a></p>
