{"id":356,"date":"2016-06-15T20:24:09","date_gmt":"2016-06-15T18:24:09","guid":{"rendered":"http:\/\/laureensal.hypotheses.org\/?page_id=356"},"modified":"2019-09-04T11:19:47","modified_gmt":"2019-09-04T09:19:47","slug":"vincent-veschambre","status":"publish","type":"page","link":"https:\/\/www.laure.archi.fr\/?page_id=356","title":{"rendered":"Vincent Veschambre"},"content":{"rendered":"<p><img loading=\"lazy\" class=\"alignnone size-medium wp-image-466\" src=\"http:\/\/www.laure.archi.fr\/wp-content\/uploads\/2016\/06\/VESCHAMBRE-vincent-260x300.jpg\" alt=\"VESCHAMBRE vincent\" width=\"260\" height=\"300\" srcset=\"https:\/\/www.laure.archi.fr\/wp-content\/uploads\/2016\/06\/VESCHAMBRE-vincent-260x300.jpg 260w, https:\/\/www.laure.archi.fr\/wp-content\/uploads\/2016\/06\/VESCHAMBRE-vincent.jpg 433w\" sizes=\"(max-width: 260px) 100vw, 260px\" \/><\/p>\n<p>vincent.veschambre@lyon.archi.fr &#8211; T\u00e9l: 04 78 71 79 92<\/p>\n<p>G\u00e9ographe \/ HDR \/ Professeur de sciences sociales \/ Directeur du Rize \/ Membre EVS-LAURE<\/p>\n<p><strong>Axes de recherche<\/strong><\/p>\n<p style=\"text-align: justify;\">Vincent Veschambre est professeur de sciences sociales d\u00e9tach\u00e9 depuis septembre 2015 sur le poste de directeur du Rize, Centre m\u00e9moires, cultures, \u00e9changes de la Ville de Villeurbanne. Il a pass\u00e9 20 ans comme enseignant-chercheur de g\u00e9ographie \u00e0 l\u2019universit\u00e9 avant de rejoindre l\u2019ENSAL en septembre 2009. Il a soutenu en 2006 une HDR dont le volume in\u00e9dit a \u00e9t\u00e9 publi\u00e9 en 2008 (Traces et m\u00e9moires urbaines : enjeux sociaux de la patrimonialisation et de la d\u00e9molition). Il est rattach\u00e9 \u00e0 l\u2019UMR CNRS environnement-ville-soci\u00e9t\u00e9, dont il dirig\u00e9 la composante de l\u2019ENSAL, le LAURE (Lyon Architecture Urbanisme Recherche) \u00e0 sa cr\u00e9ation en f\u00e9vrier 2014. Il encadre actuellement cinq th\u00e8ses de doctorat sur des questions relatives aux enjeux patrimoniaux et \u00e0 la r\u00e9novation urbaine, en poursuivant son approche de la dialectique entre conservation et d\u00e9molition des h\u00e9ritages urbains. Il est responsable d\u2019un projet de recherche financ\u00e9 par l\u2019ANR (PLUPATRIMONIAL) avec une \u00e9quipe de g\u00e9ographes, architectes, urbanistes et juristes, sur la place du patrimoine dans les plans locaux d\u2019urbanisme, en \u00e9cho \u00e0 l\u2019\u00e9volution l\u00e9gislative en cours sur le sujet.<\/p>\n<p><strong>Responsabilit\u00e9s collectives<\/strong><\/p>\n<p>D\u00e9tach\u00e9 sur le poste de directeur du Rize, centre m\u00e9moires, cultures, \u00e9changes de la Ville de Villeurbanne.<\/p>\n<p>Membre du conseil scientifique de Lyon 2<\/p>\n<p>Responsable de l&rsquo;ANR PLUPATRIMONIAL<\/p>\n<p>&nbsp;<\/p>\n<p><strong>Communications\/Publications <strong>(les 5 plus significatives)<\/strong><\/strong><\/p>\n<p style=\"text-align: justify;\">&#8211; VESCHAMBRE V., 2011, \u00ab <em>Entre luttes identitaires et instrumentalisation consensuelle : enjeux sociaux de la patrimonialisation et de la mise en m\u00e9moire des lieux<\/em> \u00bb, G\u00e9ographie et culture, n\u00b072, p. 63-79.<\/p>\n<p style=\"text-align: justify;\">&#8211; VESCHAMBRE Vincent, 2011, \u00ab <em>Traces et m\u00e9moires urbaines<\/em> \u00bb, In : Robic Marie-Claire, Tissier Jean-Louis, Deux si\u00e8cles de g\u00e9ographie fran\u00e7aise : une anthologie, Paris, CTHS, p. 524-530.<\/p>\n<p style=\"text-align: justify;\">&#8211; VESCHAMBRE V., 2014, <em>La chemin\u00e9e d\u2019usine, entre \u00ab totem et tabou \u00bb : effacement versus appropriation d\u2019un symbole du pass\u00e9 industriel<\/em>, L\u2019Homme et la soci\u00e9t\u00e9, n\u00b0192, 2014\/2, p. 49-68.<\/p>\n<p style=\"text-align: justify;\">&#8211; VESCHAMBRE V., 2014, \u00ab <em>Production et effacement des lieux de m\u00e9moires dans une commune-centre anciennement industrielle : le cas de Villeurbanne (France)<\/em> \u00bb, Articulo &#8211; Journal of Urban Research [Online], Special issue 5 | 2014, Online since 10 July 2014, connection on 10 December 2014. URL : <a href=\"http:\/\/articulo.revues.org\/2451\"><u>http:\/\/articulo.revues.org\/2451<\/u><\/a> ; DOI : 10.4000\/articulo.2451<\/p>\n<p style=\"text-align: justify;\">&#8211; \u00a0DETRY N., VESCHAMBRE V., 2015, <em>De l\u2019urbicide \u00e0 la r\u00e9paration : le cas de la Biblioth\u00e8que de Sarajevo<\/em>, dossier \u00ab Villes et ch\u00e2timents \u00bb, Urbanit\u00e9s, n\u00b05, <a href=\"http:\/\/www.revue-urbanites.fr\/5-villes-et-chatiments\/\"><u>http:\/\/www.revue-urbanites.fr\/5-villes-et-chatiments\/<\/u><\/a><\/p>\n<p><strong>\u00a0<\/strong><\/p>\n","protected":false},"excerpt":{"rendered":"<p>vincent.veschambre@lyon.archi.fr &#8211; T\u00e9l: 04 78 71 79 92 G\u00e9ographe \/ HDR \/ Professeur de sciences sociales \/ Directeur du Rize \/ Membre EVS-LAURE Axes de recherche Vincent Veschambre est professeur de sciences sociales d\u00e9tach\u00e9 depuis septembre 2015 sur le poste de directeur du Rize, Centre m\u00e9moires, cultures, \u00e9changes de la Ville de Villeurbanne. Il a &hellip; <a href=\"https:\/\/www.laure.archi.fr\/?page_id=356\" class=\"more-link\">Continuer la lecture de <span class=\"screen-reader-text\">Vincent Veschambre<\/span> <span class=\"meta-nav\">&rarr;<\/span><\/a><\/p>\n","protected":false},"author":2,"featured_media":0,"parent":19,"menu_order":0,"comment_status":"closed","ping_status":"closed","template":"","meta":[],"_links":{"self":[{"href":"https:\/\/www.laure.archi.fr\/index.php?rest_route=\/wp\/v2\/pages\/356"}],"collection":[{"href":"https:\/\/www.laure.archi.fr\/index.php?rest_route=\/wp\/v2\/pages"}],"about":[{"href":"https:\/\/www.laure.archi.fr\/index.php?rest_route=\/wp\/v2\/types\/page"}],"author":[{"embeddable":true,"href":"https:\/\/www.laure.archi.fr\/index.php?rest_route=\/wp\/v2\/users\/2"}],"replies":[{"embeddable":true,"href":"https:\/\/www.laure.archi.fr\/index.php?rest_route=%2Fwp%2Fv2%2Fcomments&post=356"}],"version-history":[{"count":1,"href":"https:\/\/www.laure.archi.fr\/index.php?rest_route=\/wp\/v2\/pages\/356\/revisions"}],"predecessor-version":[{"id":776,"href":"https:\/\/www.laure.archi.fr\/index.php?rest_route=\/wp\/v2\/pages\/356\/revisions\/776"}],"up":[{"embeddable":true,"href":"https:\/\/www.laure.archi.fr\/index.php?rest_route=\/wp\/v2\/pages\/19"}],"wp:attachment":[{"href":"https:\/\/www.laure.archi.fr\/index.php?rest_route=%2Fwp%2Fv2%2Fmedia&parent=356"}],"curies":[{"name":"wp","href":"https:\/\/api.w.org\/{rel}","templated":true}]}}

<p><img loading="lazy" class="alignnone size-medium wp-image-466" src="http://www.laure.archi.fr/wp-content/uploads/2016/06/VESCHAMBRE-vincent-260x300.jpg" alt="VESCHAMBRE vincent" width="260" height="300" srcset="https://www.laure.archi.fr/wp-content/uploads/2016/06/VESCHAMBRE-vincent-260x300.jpg 260w, https://www.laure.archi.fr/wp-content/uploads/2016/06/VESCHAMBRE-vincent.jpg 433w" sizes="(max-width: 260px) 100vw, 260px" /></p>
<p>vincent.veschambre@lyon.archi.fr &#8211; Tél: 04 78 71 79 92</p>
<p>Géographe / HDR / Professeur de sciences sociales / Directeur du Rize / Membre EVS-LAURE</p>
<p><strong>Axes de recherche</strong></p>
<p style="text-align: justify;">Vincent Veschambre est professeur de sciences sociales détaché depuis septembre 2015 sur le poste de directeur du Rize, Centre mémoires, cultures, échanges de la Ville de Villeurbanne. Il a passé 20 ans comme enseignant-chercheur de géographie à l’université avant de rejoindre l’ENSAL en septembre 2009. Il a soutenu en 2006 une HDR dont le volume inédit a été publié en 2008 (Traces et mémoires urbaines : enjeux sociaux de la patrimonialisation et de la démolition). Il est rattaché à l’UMR CNRS environnement-ville-société, dont il dirigé la composante de l’ENSAL, le LAURE (Lyon Architecture Urbanisme Recherche) à sa création en février 2014. Il encadre actuellement cinq thèses de doctorat sur des questions relatives aux enjeux patrimoniaux et à la rénovation urbaine, en poursuivant son approche de la dialectique entre conservation et démolition des héritages urbains. Il est responsable d’un projet de recherche financé par l’ANR (PLUPATRIMONIAL) avec une équipe de géographes, architectes, urbanistes et juristes, sur la place du patrimoine dans les plans locaux d’urbanisme, en écho à l’évolution législative en cours sur le sujet.</p>
<p><strong>Responsabilités collectives</strong></p>
<p>Détaché sur le poste de directeur du Rize, centre mémoires, cultures, échanges de la Ville de Villeurbanne.</p>
<p>Membre du conseil scientifique de Lyon 2</p>
<p>Responsable de l&rsquo;ANR PLUPATRIMONIAL</p>
<p>&nbsp;</p>
<p><strong>Communications/Publications <strong>(les 5 plus significatives)</strong></strong></p>
<p style="text-align: justify;">&#8211; VESCHAMBRE V., 2011, « <em>Entre luttes identitaires et instrumentalisation consensuelle : enjeux sociaux de la patrimonialisation et de la mise en mémoire des lieux</em> », Géographie et culture, n°72, p. 63-79.</p>
<p style="text-align: justify;">&#8211; VESCHAMBRE Vincent, 2011, « <em>Traces et mémoires urbaines</em> », In : Robic Marie-Claire, Tissier Jean-Louis, Deux siècles de géographie française : une anthologie, Paris, CTHS, p. 524-530.</p>
<p style="text-align: justify;">&#8211; VESCHAMBRE V., 2014, <em>La cheminée d’usine, entre « totem et tabou » : effacement versus appropriation d’un symbole du passé industriel</em>, L’Homme et la société, n°192, 2014/2, p. 49-68.</p>
<p style="text-align: justify;">&#8211; VESCHAMBRE V., 2014, « <em>Production et effacement des lieux de mémoires dans une commune-centre anciennement industrielle : le cas de Villeurbanne (France)</em> », Articulo &#8211; Journal of Urban Research [Online], Special issue 5 | 2014, Online since 10 July 2014, connection on 10 December 2014. URL : <a href="http://articulo.revues.org/2451"><u>http://articulo.revues.org/2451</u></a> ; DOI : 10.4000/articulo.2451</p>
<p style="text-align: justify;">&#8211;  DETRY N., VESCHAMBRE V., 2015, <em>De l’urbicide à la réparation : le cas de la Bibliothèque de Sarajevo</em>, dossier « Villes et châtiments », Urbanités, n°5, <a href="http://www.revue-urbanites.fr/5-villes-et-chatiments/"><u>http://www.revue-urbanites.fr/5-villes-et-chatiments/</u></a></p>
<p><strong> </strong></p>

<p>vincent.veschambre@lyon.archi.fr &#8211; Tél: 04 78 71 79 92 Géographe / HDR / Professeur de sciences sociales / Directeur du Rize / Membre EVS-LAURE Axes de recherche Vincent Veschambre est professeur de sciences sociales détaché depuis septembre 2015 sur le poste de directeur du Rize, Centre mémoires, cultures, échanges de la Ville de Villeurbanne. Il a &hellip; <a href="https://www.laure.archi.fr/?page_id=356" class="more-link">Continuer la lecture de <span class="screen-reader-text">Vincent Veschambre</span> <span class="meta-nav">&rarr;</span></a></p>
