{"id":310,"date":"2016-06-13T14:23:10","date_gmt":"2016-06-13T12:23:10","guid":{"rendered":"http:\/\/laureensal.hypotheses.org\/?page_id=310"},"modified":"2016-06-13T14:23:10","modified_gmt":"2016-06-13T12:23:10","slug":"2-conferences","status":"publish","type":"page","link":"https:\/\/www.laure.archi.fr\/?page_id=310","title":{"rendered":"2. Conf\u00e9rences"},"content":{"rendered":"<p><strong>INV :\u00a0 Conf\u00e9rences donn\u00e9es \u00e0 l\u2019invitation du Comit\u00e9 d\u2019organisation dans un congr\u00e8s national ou international.<\/strong><\/p>\n<p><strong>V\u00e9drine, Corine<\/strong>\u00a0; <em>Le capitalisme dans les grandes entreprises familiales<\/em>, conf\u00e9rence organis\u00e9e par le Centre Max Weber et l\u2019Institut du travail, 24 novembre 2015, Universit\u00e9 Jean Monnet de Saint-Etienne<\/p>\n<p><strong>Veschambre, Vincent<\/strong>\u00a0; \u00ab Le patrimoine est-il prot\u00e9g\u00e9 ? \u00bb, conf\u00e9rence \u00e0 l\u2019occasion des journ\u00e9es du patrimoine 2013\u00a0: <em>1913-2013 : 100 ans protection<\/em>, \u00e0 l\u2019invitation de la Ville d\u2019Angers, Mus\u00e9es des Beaux-arts, 14 septembre 2013.<\/p>\n","protected":false},"excerpt":{"rendered":"<p>INV :\u00a0 Conf\u00e9rences donn\u00e9es \u00e0 l\u2019invitation du Comit\u00e9 d\u2019organisation dans un congr\u00e8s national ou international. V\u00e9drine, Corine\u00a0; Le capitalisme dans les grandes entreprises familiales, conf\u00e9rence organis\u00e9e par le Centre Max Weber et l\u2019Institut du travail, 24 novembre 2015, Universit\u00e9 Jean Monnet de Saint-Etienne Veschambre, Vincent\u00a0; \u00ab Le patrimoine est-il prot\u00e9g\u00e9 ? \u00bb, conf\u00e9rence \u00e0 l\u2019occasion &hellip; <a href=\"https:\/\/www.laure.archi.fr\/?page_id=310\" class=\"more-link\">Continuer la lecture de <span class=\"screen-reader-text\">2. Conf\u00e9rences<\/span> <span class=\"meta-nav\">&rarr;<\/span><\/a><\/p>\n","protected":false},"author":2,"featured_media":0,"parent":0,"menu_order":0,"comment_status":"closed","ping_status":"closed","template":"","meta":[],"_links":{"self":[{"href":"https:\/\/www.laure.archi.fr\/index.php?rest_route=\/wp\/v2\/pages\/310"}],"collection":[{"href":"https:\/\/www.laure.archi.fr\/index.php?rest_route=\/wp\/v2\/pages"}],"about":[{"href":"https:\/\/www.laure.archi.fr\/index.php?rest_route=\/wp\/v2\/types\/page"}],"author":[{"embeddable":true,"href":"https:\/\/www.laure.archi.fr\/index.php?rest_route=\/wp\/v2\/users\/2"}],"replies":[{"embeddable":true,"href":"https:\/\/www.laure.archi.fr\/index.php?rest_route=%2Fwp%2Fv2%2Fcomments&post=310"}],"version-history":[{"count":0,"href":"https:\/\/www.laure.archi.fr\/index.php?rest_route=\/wp\/v2\/pages\/310\/revisions"}],"wp:attachment":[{"href":"https:\/\/www.laure.archi.fr\/index.php?rest_route=%2Fwp%2Fv2%2Fmedia&parent=310"}],"curies":[{"name":"wp","href":"https:\/\/api.w.org\/{rel}","templated":true}]}}