{"id":225,"date":"2016-05-18T20:51:18","date_gmt":"2016-05-18T18:51:18","guid":{"rendered":"http:\/\/laureensal.hypotheses.org\/?page_id=225"},"modified":"2019-09-04T11:18:57","modified_gmt":"2019-09-04T09:18:57","slug":"225-2","status":"publish","type":"page","link":"https:\/\/www.laure.archi.fr\/?page_id=225","title":{"rendered":"Sandra Fiori"},"content":{"rendered":"<p><img loading=\"lazy\" class=\"alignnone wp-image-443 size-medium\" src=\"http:\/\/labo-laure.lyon.archi.fr\/wp-content\/uploads\/2016\/06\/FIORI-sandra-246x300.jpg\" width=\"246\" height=\"300\" srcset=\"https:\/\/www.laure.archi.fr\/wp-content\/uploads\/2016\/06\/FIORI-sandra-246x300.jpg 246w, https:\/\/www.laure.archi.fr\/wp-content\/uploads\/2016\/06\/FIORI-sandra.jpg 410w\" sizes=\"(max-width: 246px) 100vw, 246px\" \/><\/p>\n<p>sandra.fiori@lyon.archi.fr<\/p>\n<p>Urbaniste \/ Docteure \/ Ma\u00eetre-assistante titulaire \u00ab\u00a0urbanisme et projet urbain\u00a0\u00bb \/ Responsable de la composante EVS-LAURE<\/p>\n<p><strong>Axes de recherche<\/strong><\/p>\n<p>Urbanit\u00e9s contemporaines et espace public :<\/p>\n<p>-1996-2009, au sein du laboratoire Cresson\/UMR Ambiances 1563 : th\u00e8se et recherches consacr\u00e9es au renouveau de l&rsquo;\u00e9clairage urbain, sous l&rsquo;angle d&rsquo;une socio-ethnographie du m\u00e9tier de concepteur lumi\u00e8re, des processus de conception du projet d&rsquo;\u00e9clairage, d&rsquo;une micro-sociologie des usages et perception nocturnes des espaces publics.<\/p>\n<p>&#8211; depuis 2009, travaux ethnographiques consacr\u00e9s \u00e0 l&rsquo;analyse des pratiques de l&rsquo;espace public dans des contextes pr\u00e9caires, fragilis\u00e9s ou conflictuels (Bogot\u00e0, Sevran, Caracas, Mali) dans un contexte d\u00e9sormais affirm\u00e9 d&rsquo;urbanisation du monde.<\/p>\n<p>&#8211; en lien avec l&rsquo;exp\u00e9rience d&rsquo;enseignement et l&rsquo;entr\u00e9e de recherche \u00ab\u00a0dispositifs relationnels et participatifs\u00a0\u00bb d&rsquo;EVS-LAURE, r\u00e9flexions sur l&rsquo;articulation entre pratiques participatives, engagement citoyen et production du commun.<\/p>\n<p><strong>Responsabilit\u00e9s collectives<\/strong><\/p>\n<p>Responsable de la composante EVS-LAURE<\/p>\n<p>Membre \u00e9lue au conseil de laboratoire de l&rsquo;UMR EVS 5600<\/p>\n<p>Membre \u00e9lue au Conseil d&rsquo;Administration de l&rsquo;ENSAL<\/p>\n<p><strong>Communications\/Publications (les 5 plus significatives)<\/strong><\/p>\n<p>&#8211; FIORI S., THOMAS R. (2014). \u00ab\u00a0Etre pi\u00e9ton \u00e0 Salvador de Bahia et Caracas\u00a0: une proximit\u00e9 fragilis\u00e9e\u00a0?\u00a0\u00bb, G\u00e9o-regards, dossier sp\u00e9cial\u00a0 \u00ab\u00a0Les modes de vie de proximit\u00e9 dans les villes contemporaines\u00a0\u00bb, n\u00b06, p.83-96. <a href=\"https:\/\/halshs.archives-ouvertes.fr\/hal-01241194v1\"><u>hal-01241194v1<\/u><\/a><\/p>\n<p>&#8211; TIXIER N., CIFUENTES C., FIORI S. et al. (2012). \u00ab\u00a0The recuperation of public space\u00a0: a closer look at Bogot\u00e1, Colombia\u00a0\u00bb, in Ned Kaufman ed., <em>Pressures and Distortions<\/em><em>, city dwellers as builders and critics: four views<\/em>, Rafael Vi\u00f1oly Architects PC, New York, p.339-433. <a href=\"https:\/\/halshs.archives-ouvertes.fr\/hal-00995507v1\"><u>hal-00995507v1<\/u><\/a><\/p>\n<p>&#8211; FIORI S., REGNAULT C. (2009). \u201cSociographie de deux groupes professionnels \u00e9mergents\u00a0: concepteurs sonores et concepteurs lumi\u00e8re\u201d, in Bonnet M., Biau V., Tapie G. (dirs), <em>\u00a0La fabrication de la ville \u2013 m\u00e9tiers et organisations<\/em>, Marseille, Parenth\u00e8ses, p. 103-114. <a href=\"https:\/\/halshs.archives-ouvertes.fr\/hal-00995471v1\"><u>hal-00995471v1<\/u><\/a><\/p>\n<p>&#8211; FIORI S., LEROUX M., NARBONI R. (2009). \u201cLa conception d\u2019ambiances nocturnes, de l\u2019enqu\u00eate sociologique au projet\u201d, in Deleuil J.-M.. (dir.), <em>Eclairer la ville autrement &#8211; Innovations et exp\u00e9ri-mentations en \u00e9clairage public, <\/em>Lausanne, PPUR , p.124-141. <a href=\"https:\/\/halshs.archives-ouvertes.fr\/hal-00995470v1\"><u>hal-00995470v1<\/u><\/a><\/p>\n<p>&#8211; FIORI S. (2001). <em>La repr\u00e9sentation graphique dans la conception du projet d\u2019\u00e9clairage urbain<\/em>, th\u00e8se de doctorat ss dir. de J.F. Augoyard- EAG, EAN, Ecole Polytechnique de l\u2019Universit\u00e9 de Nantes, mars 2001, 416 p. <a href=\"https:\/\/halshs.archives-ouvertes.fr\/tel-00399027v1\"><u>tel-00399027v1<\/u><\/a><\/p>\n<p><a href=\"http:\/\/labo-laure.lyon.archi.fr\/wp-content\/uploads\/2016\/05\/CV-Laure-Fiori-bis.pdf\">CV Sandra Fiori<\/a><\/p>\n","protected":false},"excerpt":{"rendered":"<p>sandra.fiori@lyon.archi.fr Urbaniste \/ Docteure \/ Ma\u00eetre-assistante titulaire \u00ab\u00a0urbanisme et projet urbain\u00a0\u00bb \/ Responsable de la composante EVS-LAURE Axes de recherche Urbanit\u00e9s contemporaines et espace public : -1996-2009, au sein du laboratoire Cresson\/UMR Ambiances 1563 : th\u00e8se et recherches consacr\u00e9es au renouveau de l&rsquo;\u00e9clairage urbain, sous l&rsquo;angle d&rsquo;une socio-ethnographie du m\u00e9tier de concepteur lumi\u00e8re, des processus &hellip; <a href=\"https:\/\/www.laure.archi.fr\/?page_id=225\" class=\"more-link\">Continuer la lecture de <span class=\"screen-reader-text\">Sandra Fiori<\/span> <span class=\"meta-nav\">&rarr;<\/span><\/a><\/p>\n","protected":false},"author":2,"featured_media":0,"parent":19,"menu_order":0,"comment_status":"closed","ping_status":"closed","template":"","meta":[],"_links":{"self":[{"href":"https:\/\/www.laure.archi.fr\/index.php?rest_route=\/wp\/v2\/pages\/225"}],"collection":[{"href":"https:\/\/www.laure.archi.fr\/index.php?rest_route=\/wp\/v2\/pages"}],"about":[{"href":"https:\/\/www.laure.archi.fr\/index.php?rest_route=\/wp\/v2\/types\/page"}],"author":[{"embeddable":true,"href":"https:\/\/www.laure.archi.fr\/index.php?rest_route=\/wp\/v2\/users\/2"}],"replies":[{"embeddable":true,"href":"https:\/\/www.laure.archi.fr\/index.php?rest_route=%2Fwp%2Fv2%2Fcomments&post=225"}],"version-history":[{"count":1,"href":"https:\/\/www.laure.archi.fr\/index.php?rest_route=\/wp\/v2\/pages\/225\/revisions"}],"predecessor-version":[{"id":783,"href":"https:\/\/www.laure.archi.fr\/index.php?rest_route=\/wp\/v2\/pages\/225\/revisions\/783"}],"up":[{"embeddable":true,"href":"https:\/\/www.laure.archi.fr\/index.php?rest_route=\/wp\/v2\/pages\/19"}],"wp:attachment":[{"href":"https:\/\/www.laure.archi.fr\/index.php?rest_route=%2Fwp%2Fv2%2Fmedia&parent=225"}],"curies":[{"name":"wp","href":"https:\/\/api.w.org\/{rel}","templated":true}]}}

<p><img loading="lazy" class="alignnone wp-image-443 size-medium" src="http://labo-laure.lyon.archi.fr/wp-content/uploads/2016/06/FIORI-sandra-246x300.jpg" width="246" height="300" srcset="https://www.laure.archi.fr/wp-content/uploads/2016/06/FIORI-sandra-246x300.jpg 246w, https://www.laure.archi.fr/wp-content/uploads/2016/06/FIORI-sandra.jpg 410w" sizes="(max-width: 246px) 100vw, 246px" /></p>
<p>sandra.fiori@lyon.archi.fr</p>
<p>Urbaniste / Docteure / Maître-assistante titulaire « urbanisme et projet urbain » / Responsable de la composante EVS-LAURE</p>
<p><strong>Axes de recherche</strong></p>
<p>Urbanités contemporaines et espace public :</p>
<p>-1996-2009, au sein du laboratoire Cresson/UMR Ambiances 1563 : thèse et recherches consacrées au renouveau de l&rsquo;éclairage urbain, sous l&rsquo;angle d&rsquo;une socio-ethnographie du métier de concepteur lumière, des processus de conception du projet d&rsquo;éclairage, d&rsquo;une micro-sociologie des usages et perception nocturnes des espaces publics.</p>
<p>&#8211; depuis 2009, travaux ethnographiques consacrés à l&rsquo;analyse des pratiques de l&rsquo;espace public dans des contextes précaires, fragilisés ou conflictuels (Bogotà, Sevran, Caracas, Mali) dans un contexte désormais affirmé d&rsquo;urbanisation du monde.</p>
<p>&#8211; en lien avec l&rsquo;expérience d&rsquo;enseignement et l&rsquo;entrée de recherche « dispositifs relationnels et participatifs » d&rsquo;EVS-LAURE, réflexions sur l&rsquo;articulation entre pratiques participatives, engagement citoyen et production du commun.</p>
<p><strong>Responsabilités collectives</strong></p>
<p>Responsable de la composante EVS-LAURE</p>
<p>Membre élue au conseil de laboratoire de l&rsquo;UMR EVS 5600</p>
<p>Membre élue au Conseil d&rsquo;Administration de l&rsquo;ENSAL</p>
<p><strong>Communications/Publications (les 5 plus significatives)</strong></p>
<p>&#8211; FIORI S., THOMAS R. (2014). « Etre piéton à Salvador de Bahia et Caracas : une proximité fragilisée ? », Géo-regards, dossier spécial  « Les modes de vie de proximité dans les villes contemporaines », n°6, p.83-96. <a href="https://halshs.archives-ouvertes.fr/hal-01241194v1"><u>hal-01241194v1</u></a></p>
<p>&#8211; TIXIER N., CIFUENTES C., FIORI S. et al. (2012). « The recuperation of public space : a closer look at Bogotá, Colombia », in Ned Kaufman ed., <em>Pressures and Distortions</em><em>, city dwellers as builders and critics: four views</em>, Rafael Viñoly Architects PC, New York, p.339-433. <a href="https://halshs.archives-ouvertes.fr/hal-00995507v1"><u>hal-00995507v1</u></a></p>
<p>&#8211; FIORI S., REGNAULT C. (2009). “Sociographie de deux groupes professionnels émergents : concepteurs sonores et concepteurs lumière”, in Bonnet M., Biau V., Tapie G. (dirs), <em> La fabrication de la ville – métiers et organisations</em>, Marseille, Parenthèses, p. 103-114. <a href="https://halshs.archives-ouvertes.fr/hal-00995471v1"><u>hal-00995471v1</u></a></p>
<p>&#8211; FIORI S., LEROUX M., NARBONI R. (2009). “La conception d’ambiances nocturnes, de l’enquête sociologique au projet”, in Deleuil J.-M.. (dir.), <em>Eclairer la ville autrement &#8211; Innovations et expéri-mentations en éclairage public, </em>Lausanne, PPUR , p.124-141. <a href="https://halshs.archives-ouvertes.fr/hal-00995470v1"><u>hal-00995470v1</u></a></p>
<p>&#8211; FIORI S. (2001). <em>La représentation graphique dans la conception du projet d’éclairage urbain</em>, thèse de doctorat ss dir. de J.F. Augoyard- EAG, EAN, Ecole Polytechnique de l’Université de Nantes, mars 2001, 416 p. <a href="https://halshs.archives-ouvertes.fr/tel-00399027v1"><u>tel-00399027v1</u></a></p>
<p><a href="http://labo-laure.lyon.archi.fr/wp-content/uploads/2016/05/CV-Laure-Fiori-bis.pdf">CV Sandra Fiori</a></p>

<p>sandra.fiori@lyon.archi.fr Urbaniste / Docteure / Maître-assistante titulaire « urbanisme et projet urbain » / Responsable de la composante EVS-LAURE Axes de recherche Urbanités contemporaines et espace public : -1996-2009, au sein du laboratoire Cresson/UMR Ambiances 1563 : thèse et recherches consacrées au renouveau de l&rsquo;éclairage urbain, sous l&rsquo;angle d&rsquo;une socio-ethnographie du métier de concepteur lumière, des processus &hellip; <a href="https://www.laure.archi.fr/?page_id=225" class="more-link">Continuer la lecture de <span class="screen-reader-text">Sandra Fiori</span> <span class="meta-nav">&rarr;</span></a></p>
