{"id":200,"date":"2016-04-17T10:28:05","date_gmt":"2016-04-17T08:28:05","guid":{"rendered":"http:\/\/laureensal.hypotheses.org\/?page_id=200"},"modified":"2018-02-13T09:03:48","modified_gmt":"2018-02-13T08:03:48","slug":"estelle-demilly","status":"publish","type":"page","link":"https:\/\/www.laure.archi.fr\/?page_id=200","title":{"rendered":"Estelle Demilly"},"content":{"rendered":"<p><img loading=\"lazy\" class=\"alignnone wp-image-440 size-medium\" src=\"http:\/\/labo-laure.lyon.archi.fr\/wp-content\/uploads\/2016\/06\/DEMILLY-ESTELLE-246x300.jpg\" width=\"246\" height=\"300\" srcset=\"https:\/\/www.laure.archi.fr\/wp-content\/uploads\/2016\/06\/DEMILLY-ESTELLE-246x300.jpg 246w, https:\/\/www.laure.archi.fr\/wp-content\/uploads\/2016\/06\/DEMILLY-ESTELLE.jpg 410w\" sizes=\"(max-width: 246px) 100vw, 246px\" \/><\/p>\n<p>estelle.demilly@lyon.archi.fr &#8211; T\u00e9l\u00a0: 06 79 12 87 68<\/p>\n<p>Architecte HMONP \/ Docteure en architecture\u00a0 \/ Enseignante contractuelle ENSAL\u00a0\/ Membre\u00a0EVS-LAURE<\/p>\n<p>Titulaire d\u2019un master histoire de l\u2019art (sp\u00e9cialit\u00e9 patrimoine architectural de l\u2019\u00e9poque m\u00e9di\u00e9vale \u00e0 l\u2019\u00e9poque contemporaine) Titulaire d\u2019une licence de sociologie<\/p>\n<p><strong>Axes de recherche<\/strong><\/p>\n<p>Relations environnement \/ comportement<\/p>\n<p>Rapport \u00e0 l\u2019environnement b\u00e2ti et urbain des usagers (en particulier les personnes pr\u00e9sentant des d\u00e9ficiences)<\/p>\n<p>Appropriation physique et psychique de l\u2019espace<\/p>\n<p>Pratiques et modes d\u2019habiter<\/p>\n<p>Architecture, perception et handicap<\/p>\n<p>Approches transdisciplinaires, avec la psychologie<\/p>\n<p><strong>Responsabilit\u00e9s collectives<\/strong><\/p>\n<p>Repr\u00e9sentant des doctorants au conseil scientifique de l\u2019ENSAL<\/p>\n<p><strong>Communications\/Publications (les 5 plus significatives)<\/strong><\/p>\n<p style=\"text-align: justify\">&#8211; Demilly E. (2014), \u00c9tude des relations entre l\u2019espace architectural et la qualit\u00e9 de vie des personnes atteintes de Troubles du Spectre Autistique. Trajectoires doctorales 2. Cahiers de la recherche architecturale et urbaine n\u00b0 30\/31.<\/p>\n<p style=\"text-align: justify\">&#8211; Demilly E. (2014), Autisme et architecture : relations entre les formes architecturales et l\u2019\u00e9tat clinique des patients. Th\u00e8se de doctorat en architecture. Universit\u00e9 Lumi\u00e8re Lyon II (\u00e9cole doctorale ED483) Url\u00a0: http:\/\/theses.univ-lyon2.fr\/documents\/lyon2\/2014\/demilly_e<\/p>\n<p style=\"text-align: justify\">&#8211; Demilly E., Courteix S., Fleury F., Lavandier M., (2013). Autisme et architecture\u00a0: relations entre les formes architecturales et l\u2019\u00e9tat clinique des patients. Actes des rencontres Interdisciplinaires Doctorales de l\u2019Architecture et de l&rsquo;Am\u00e9nagement Durables, 15p.<\/p>\n<p style=\"text-align: justify\">\n","protected":false},"excerpt":{"rendered":"<p>estelle.demilly@lyon.archi.fr &#8211; T\u00e9l\u00a0: 06 79 12 87 68 Architecte HMONP \/ Docteure en architecture\u00a0 \/ Enseignante contractuelle ENSAL\u00a0\/ Membre\u00a0EVS-LAURE Titulaire d\u2019un master histoire de l\u2019art (sp\u00e9cialit\u00e9 patrimoine architectural de l\u2019\u00e9poque m\u00e9di\u00e9vale \u00e0 l\u2019\u00e9poque contemporaine) Titulaire d\u2019une licence de sociologie Axes de recherche Relations environnement \/ comportement Rapport \u00e0 l\u2019environnement b\u00e2ti et urbain des usagers (en &hellip; <a href=\"https:\/\/www.laure.archi.fr\/?page_id=200\" class=\"more-link\">Continuer la lecture de <span class=\"screen-reader-text\">Estelle Demilly<\/span> <span class=\"meta-nav\">&rarr;<\/span><\/a><\/p>\n","protected":false},"author":2,"featured_media":0,"parent":19,"menu_order":0,"comment_status":"closed","ping_status":"closed","template":"","meta":[],"_links":{"self":[{"href":"https:\/\/www.laure.archi.fr\/index.php?rest_route=\/wp\/v2\/pages\/200"}],"collection":[{"href":"https:\/\/www.laure.archi.fr\/index.php?rest_route=\/wp\/v2\/pages"}],"about":[{"href":"https:\/\/www.laure.archi.fr\/index.php?rest_route=\/wp\/v2\/types\/page"}],"author":[{"embeddable":true,"href":"https:\/\/www.laure.archi.fr\/index.php?rest_route=\/wp\/v2\/users\/2"}],"replies":[{"embeddable":true,"href":"https:\/\/www.laure.archi.fr\/index.php?rest_route=%2Fwp%2Fv2%2Fcomments&post=200"}],"version-history":[{"count":1,"href":"https:\/\/www.laure.archi.fr\/index.php?rest_route=\/wp\/v2\/pages\/200\/revisions"}],"predecessor-version":[{"id":923,"href":"https:\/\/www.laure.archi.fr\/index.php?rest_route=\/wp\/v2\/pages\/200\/revisions\/923"}],"up":[{"embeddable":true,"href":"https:\/\/www.laure.archi.fr\/index.php?rest_route=\/wp\/v2\/pages\/19"}],"wp:attachment":[{"href":"https:\/\/www.laure.archi.fr\/index.php?rest_route=%2Fwp%2Fv2%2Fmedia&parent=200"}],"curies":[{"name":"wp","href":"https:\/\/api.w.org\/{rel}","templated":true}]}}