{"id":179,"date":"2016-04-05T12:53:16","date_gmt":"2016-04-05T10:53:16","guid":{"rendered":"http:\/\/laureensal.hypotheses.org\/?page_id=179"},"modified":"2019-09-04T11:11:07","modified_gmt":"2019-09-04T09:11:07","slug":"nadine-halitim-dubois","status":"publish","type":"page","link":"https:\/\/www.laure.archi.fr\/?page_id=179","title":{"rendered":"Nadine Halitim-Dubois"},"content":{"rendered":"<p>&nbsp;<\/p>\n<p>nadine.halitim-dubois@lyon.archi.fr<\/p>\n<p style=\"text-align: justify\">Historienne \/ Docteure en histoire contemporaine \/ Chercheure inventaire \/ Qualifi\u00e9e universit\u00e9 section 72 (culture scientifique et technique) \/ Enseignante contractuelle ENSAL\/ Membre associ\u00e9 EVS-LAURE \/ Membre associ\u00e9 au centre Max Weber universit\u00e9 de St-Etienne<\/p>\n<p><strong>Axes de recherche<\/strong><\/p>\n<p style=\"text-align: justify\">Les diff\u00e9rentes recherches que j\u2019effectue dans le cadre de mes fonctions au sien du service r\u00e9gional de l\u2019inventaire, me permettent une double position d\u2019expertise et d\u2019observation du processus de patrimonialisation.<\/p>\n<p style=\"text-align: justify\">&#8211; Charg\u00e9e d\u2019\u00e9tude pour l\u2019inventaire du patrimoine industriel \u00e0 l&rsquo;Inventaire du patrimoine culturel de la R\u00e9gion Rh\u00f4ne-Alpes, pour en assurer sa protection et sa valorisation. Dans le cadre de la politique actuelle des villes, la connaissance du patrimoine industriel constitue une priorit\u00e9, notamment en ce qui concerne ses effets sur la cr\u00e9ation urbaine.<\/p>\n<p style=\"text-align: justify\">&#8211; Terrain\u00a0: ville de Lyon et R\u00e9gion RA-Auvergne<\/p>\n<p style=\"text-align: justify\">&#8211; Patrimonialisation et ses enjeux\u00a0: travaux sur la commune de Villeurbanne (suivi inventaire)<\/p>\n<p style=\"text-align: justify\">&#8211; Inventaire participatif\u00a0: terrain ville d\u2019Oyonnax en collaboration avec le mus\u00e9e du peigne et de la plasturgie<\/p>\n<p style=\"text-align: justify\">-R\u00e9utilisation de sites et d\u00e9veloppement durable\u00a0; mat\u00e9riau de construction\/exposition sur le b\u00e9ton<\/p>\n<p style=\"text-align: justify\">&#8211; Rize: Mise en place d\u2019un groupe de travail\u00a0 depuis septembre 2012\u00a0: valorisation du patrimoine de Villeurbanne<\/p>\n<p style=\"text-align: justify\">-Architecture industrielle et XXe si\u00e8cle\u00a0: sites \u00e0 enjeux\u00a0; observatoire archi 20-21 avec l\u2019URCAUE<\/p>\n<p style=\"text-align: justify\">&#8211; M\u00e9moire ouvri\u00e8re\u00a0: travaux \u00e0 partir d\u2019entretiens r\u00e9alis\u00e9s\u00a0; Comit\u00e9 m\u00e9moire du XXe si\u00e8cle\u00a0; p\u00f4le soie et canuts \u00e0 Lyon et R\u00e9gion\u00a0: m\u00e9moire du travail<\/p>\n<p><strong>Responsabilit\u00e9s collectives<\/strong><\/p>\n<p>Membre de la CRPS\u00a0: Commission R\u00e9gionale de Protection des SitesComit\u00e9 scientifique de l\u2019Appel \u00e0 projet M\u00e9moire du XXe si\u00e8cle en Auvergne RA<\/p>\n<p>URCAUE\u00a0: comit\u00e9 scientifique\u00a0: \u00ab\u00a0 observatoire de l\u2019archi XXe et XXIe si\u00e8cle\u00a0\u00bb<\/p>\n<p>R\u00e9f\u00e9rente avec L\u2019ENSAST \u00ab\u00a0CAUE 42\u00a0\u00bb<\/p>\n<p>Comit\u00e9 scientifique des mus\u00e9es techniques (textile et mode) en Auvergne-RA<\/p>\n<p>Comit\u00e9 scientifique du Mus\u00e9e Urbain Tony Garnier<\/p>\n<p>Membre du R\u00e9seau textile<\/p>\n<p><strong>Communications\/Publications (les 5 plus significatives)<\/strong><\/p>\n<p><strong>Communication 2016-2015<\/strong><\/p>\n<p style=\"text-align: justify\">&#8211; 12 mars 2016\u00a0: Universit\u00e9 Lyon 2\u00a0: \u00ab\u00a0les nouvelles th\u00e9matiques patrimoniales\u00a0\u00bb<\/p>\n<p style=\"text-align: justify\">&#8211; 25 janvier 2016\u00a0: atelier du patrimoine Ville de Lyon , \u00ab\u00a0les diff\u00e9rentes phases d\u2019urbanisation du plateau de la Croix-Rousse\u00a0\u00bb<\/p>\n<p style=\"text-align: justify\">&#8211; 14\/01\/2015\u00a0: RRA\/DPT\u00a0: fili\u00e8re friches, vers une requalification de sites industriels<\/p>\n<p style=\"text-align: justify\">&#8211; 4-5 mars 2015\u00a0: Cit\u00e9 du Design Saint-Etienne\u00a0: paysages industriels\u00a0: conclusions du colloque<\/p>\n<p style=\"text-align: justify\">&#8211; 25 mars 2015\u00a0: Colloque Patrimoine Rhonalpin\u00a0: \u00ab\u00a0tourisme et patrimoine, l\u2019application smartphone patrimoine industriel et ponts, nouveau support de valorisation\u00a0?\u00bb<\/p>\n<p style=\"text-align: justify\">&#8211; Novembre 2015\u00a0: AM Lyon\u00a0: L\u2019urbanisation du plateau de la Croix-Rousse de la fin du XVIIIe si\u00e8cle au XIXe et XXe si\u00e8cle, l\u2019espace de la Fabrique\u00a0: correspondance entre forme urbaine et modernit\u00e9\u00bb<\/p>\n<p style=\"text-align: justify\">\n","protected":false},"excerpt":{"rendered":"<p>&nbsp; nadine.halitim-dubois@lyon.archi.fr Historienne \/ Docteure en histoire contemporaine \/ Chercheure inventaire \/ Qualifi\u00e9e universit\u00e9 section 72 (culture scientifique et technique) \/ Enseignante contractuelle ENSAL\/ Membre associ\u00e9 EVS-LAURE \/ Membre associ\u00e9 au centre Max Weber universit\u00e9 de St-Etienne Axes de recherche Les diff\u00e9rentes recherches que j\u2019effectue dans le cadre de mes fonctions au sien du service &hellip; <a href=\"https:\/\/www.laure.archi.fr\/?page_id=179\" class=\"more-link\">Continuer la lecture de <span class=\"screen-reader-text\">Nadine Halitim-Dubois<\/span> <span class=\"meta-nav\">&rarr;<\/span><\/a><\/p>\n","protected":false},"author":2,"featured_media":0,"parent":19,"menu_order":0,"comment_status":"closed","ping_status":"closed","template":"","meta":[],"_links":{"self":[{"href":"https:\/\/www.laure.archi.fr\/index.php?rest_route=\/wp\/v2\/pages\/179"}],"collection":[{"href":"https:\/\/www.laure.archi.fr\/index.php?rest_route=\/wp\/v2\/pages"}],"about":[{"href":"https:\/\/www.laure.archi.fr\/index.php?rest_route=\/wp\/v2\/types\/page"}],"author":[{"embeddable":true,"href":"https:\/\/www.laure.archi.fr\/index.php?rest_route=\/wp\/v2\/users\/2"}],"replies":[{"embeddable":true,"href":"https:\/\/www.laure.archi.fr\/index.php?rest_route=%2Fwp%2Fv2%2Fcomments&post=179"}],"version-history":[{"count":1,"href":"https:\/\/www.laure.archi.fr\/index.php?rest_route=\/wp\/v2\/pages\/179\/revisions"}],"predecessor-version":[{"id":1158,"href":"https:\/\/www.laure.archi.fr\/index.php?rest_route=\/wp\/v2\/pages\/179\/revisions\/1158"}],"up":[{"embeddable":true,"href":"https:\/\/www.laure.archi.fr\/index.php?rest_route=\/wp\/v2\/pages\/19"}],"wp:attachment":[{"href":"https:\/\/www.laure.archi.fr\/index.php?rest_route=%2Fwp%2Fv2%2Fmedia&parent=179"}],"curies":[{"name":"wp","href":"https:\/\/api.w.org\/{rel}","templated":true}]}}

<p>&nbsp;</p>
<p>nadine.halitim-dubois@lyon.archi.fr</p>
<p style="text-align: justify">Historienne / Docteure en histoire contemporaine / Chercheure inventaire / Qualifiée université section 72 (culture scientifique et technique) / Enseignante contractuelle ENSAL/ Membre associé EVS-LAURE / Membre associé au centre Max Weber université de St-Etienne</p>
<p><strong>Axes de recherche</strong></p>
<p style="text-align: justify">Les différentes recherches que j’effectue dans le cadre de mes fonctions au sien du service régional de l’inventaire, me permettent une double position d’expertise et d’observation du processus de patrimonialisation.</p>
<p style="text-align: justify">&#8211; Chargée d’étude pour l’inventaire du patrimoine industriel à l&rsquo;Inventaire du patrimoine culturel de la Région Rhône-Alpes, pour en assurer sa protection et sa valorisation. Dans le cadre de la politique actuelle des villes, la connaissance du patrimoine industriel constitue une priorité, notamment en ce qui concerne ses effets sur la création urbaine.</p>
<p style="text-align: justify">&#8211; Terrain : ville de Lyon et Région RA-Auvergne</p>
<p style="text-align: justify">&#8211; Patrimonialisation et ses enjeux : travaux sur la commune de Villeurbanne (suivi inventaire)</p>
<p style="text-align: justify">&#8211; Inventaire participatif : terrain ville d’Oyonnax en collaboration avec le musée du peigne et de la plasturgie</p>
<p style="text-align: justify">-Réutilisation de sites et développement durable ; matériau de construction/exposition sur le béton</p>
<p style="text-align: justify">&#8211; Rize: Mise en place d’un groupe de travail  depuis septembre 2012 : valorisation du patrimoine de Villeurbanne</p>
<p style="text-align: justify">-Architecture industrielle et XXe siècle : sites à enjeux ; observatoire archi 20-21 avec l’URCAUE</p>
<p style="text-align: justify">&#8211; Mémoire ouvrière : travaux à partir d’entretiens réalisés ; Comité mémoire du XXe siècle ; pôle soie et canuts à Lyon et Région : mémoire du travail</p>
<p><strong>Responsabilités collectives</strong></p>
<p>Membre de la CRPS : Commission Régionale de Protection des SitesComité scientifique de l’Appel à projet Mémoire du XXe siècle en Auvergne RA</p>
<p>URCAUE : comité scientifique : «  observatoire de l’archi XXe et XXIe siècle »</p>
<p>Référente avec L’ENSAST « CAUE 42 »</p>
<p>Comité scientifique des musées techniques (textile et mode) en Auvergne-RA</p>
<p>Comité scientifique du Musée Urbain Tony Garnier</p>
<p>Membre du Réseau textile</p>
<p><strong>Communications/Publications (les 5 plus significatives)</strong></p>
<p><strong>Communication 2016-2015</strong></p>
<p style="text-align: justify">&#8211; 12 mars 2016 : Université Lyon 2 : « les nouvelles thématiques patrimoniales »</p>
<p style="text-align: justify">&#8211; 25 janvier 2016 : atelier du patrimoine Ville de Lyon , « les différentes phases d’urbanisation du plateau de la Croix-Rousse »</p>
<p style="text-align: justify">&#8211; 14/01/2015 : RRA/DPT : filière friches, vers une requalification de sites industriels</p>
<p style="text-align: justify">&#8211; 4-5 mars 2015 : Cité du Design Saint-Etienne : paysages industriels : conclusions du colloque</p>
<p style="text-align: justify">&#8211; 25 mars 2015 : Colloque Patrimoine Rhonalpin : « tourisme et patrimoine, l’application smartphone patrimoine industriel et ponts, nouveau support de valorisation ?»</p>
<p style="text-align: justify">&#8211; Novembre 2015 : AM Lyon : L’urbanisation du plateau de la Croix-Rousse de la fin du XVIIIe siècle au XIXe et XXe siècle, l’espace de la Fabrique : correspondance entre forme urbaine et modernité»</p>
<p style="text-align: justify">

<p>&nbsp; nadine.halitim-dubois@lyon.archi.fr Historienne / Docteure en histoire contemporaine / Chercheure inventaire / Qualifiée université section 72 (culture scientifique et technique) / Enseignante contractuelle ENSAL/ Membre associé EVS-LAURE / Membre associé au centre Max Weber université de St-Etienne Axes de recherche Les différentes recherches que j’effectue dans le cadre de mes fonctions au sien du service &hellip; <a href="https://www.laure.archi.fr/?page_id=179" class="more-link">Continuer la lecture de <span class="screen-reader-text">Nadine Halitim-Dubois</span> <span class="meta-nav">&rarr;</span></a></p>
