{"id":175,"date":"2016-04-05T09:00:14","date_gmt":"2016-04-05T07:00:14","guid":{"rendered":"http:\/\/laureensal.hypotheses.org\/?page_id=175"},"modified":"2019-09-04T11:00:21","modified_gmt":"2019-09-04T09:00:21","slug":"cecile-regnault","status":"publish","type":"page","link":"https:\/\/www.laure.archi.fr\/?page_id=175","title":{"rendered":"C\u00e9cile Regnault"},"content":{"rendered":"<p><img loading=\"lazy\" class=\"alignnone size-medium wp-image-459\" src=\"http:\/\/www.laure.archi.fr\/wp-content\/uploads\/2016\/06\/REGNAULT-Cecile-216x300.jpg\" alt=\"REGNAULT Cecile\" width=\"216\" height=\"300\" srcset=\"https:\/\/www.laure.archi.fr\/wp-content\/uploads\/2016\/06\/REGNAULT-Cecile-216x300.jpg 216w, https:\/\/www.laure.archi.fr\/wp-content\/uploads\/2016\/06\/REGNAULT-Cecile.jpg 360w\" sizes=\"(max-width: 216px) 100vw, 216px\" \/><\/p>\n<p>cecile.regnault@lyon.archi.fr &#8211; T\u00e9l\u00a0: 33 06 87358625<\/p>\n<p>Architecte \/ Docteure \/ qualifi\u00e9e (2015_2018) section CNU 18 et 24 \/ Maitre-assistante titulaire ENSAL\u00a0\/ Membre EVS-LAURE \/ Correspondante UMR1563 Ambiances<\/p>\n<p><strong>Axes de recherche <\/strong><\/p>\n<p>Historiquement, mes activit\u00e9s scientifiques s\u2019articulent en 3 champs\u00a0:<\/p>\n<p style=\"text-align: justify;\">&#8211; recherches \u00e0 caract\u00e8re fondamental sur la notion d\u2019atmosph\u00e8re, d\u2019\u00e9pist\u00e9mologie des ambiances, de la perception sensible de l\u2019espace, de sciences de l\u2019audible.<\/p>\n<p style=\"text-align: justify;\">&#8211; recherches sur les outils et formes de repr\u00e9sentations (initi\u00e9s par ma th\u00e8se de doctorat), graphiques et audiovisuelles de la ville.<\/p>\n<p style=\"text-align: justify;\">&#8211; recherches sur les m\u00e9tiers de l\u2019am\u00e9nagement, la participation habitante, la co-conception dans les projets. Initi\u00e9es avec l\u2019\u00e9quipe de l\u2019UMR Ambiances 1563 (1993_2014), mes enjeux scientifiques ont \u00e9volu\u00e9, depuis mon entr\u00e9e dans EVS 5600 en janvier 2014, vers des objets de recherche plus transversaux\u00a0: attention et appropriation de l\u2019espace, pratiques et postures, urbanit\u00e9, h\u00e9ritage et histoire du sensible. Ainsi mes recherches centr\u00e9es sur la conception architecturale peuvent \u00eatre amen\u00e9es \u00e0 nourrir et croiser les 4 entr\u00e9es scientifiques\u00a0de la composante EVS_LAURE, \u00e9tant entendu que ce ne sont pas des th\u00e9matiques de recherche mais bien des enjeux communs que j\u2019aborde toujours par l\u2019exp\u00e9rience v\u00e9cue via des m\u00e9thodes issues de la microsociologie, de l\u2019anthropologie, des sciences appliqu\u00e9es dans une \u00e9cologie de la perception.<\/p>\n<p style=\"text-align: justify;\">Mon HDR en cours recentre mes r\u00e9flexions th\u00e9oriques sur la perception-action, traitant de questions initiatrices d\u2019\u00e9coute et de m\u00e9thodes d\u2019enqu\u00eates actives et impliqu\u00e9es dans le sensible \u00e0 savoir, l\u2019exp\u00e9rience, l\u2019exp\u00e9rimentation, l\u2019attention \u00e0 l\u2019espace, plus particuli\u00e8rement l\u2019espace au corps et \u00e0 l\u2019oreille. Le fond \u00e9pist\u00e9mologique questionn\u00e9 concerne les interrelations entre perception, action, cr\u00e9ation et conception architecturale. Je suis ainsi parmi les rares chercheurs de l\u2019\u00e9quipe relevant de la section 18 (architecture), impliqu\u00e9e dans la recherche-cr\u00e9ation.<\/p>\n<p style=\"text-align: justify;\">Mots cl\u00e9s : <em>Th\u00e9orie des a<\/em><em>mbiances architecturales et urbaines, exp\u00e9riences, exp\u00e9rimentations, conception, participation, co- fabrication de l\u2019espace architectural \/\/ M\u00e9tiers de la conception, pragmatique des ambiances \/\/ Paysage sonore design sonore, acoustique appliqu\u00e9e \/\/ Techniques audio, observatoire, archivage, simulation sonore, corr\u00e9lation image-son. <\/em><\/p>\n<p style=\"text-align: justify;\"><strong>Responsabilit\u00e9s collectives<\/strong><\/p>\n<p>Repr\u00e9sentante au bureau du coll\u00e8ge acad\u00e9mique IDEX \u00ab\u00a0Arts, culture, architecture 1 Design<\/p>\n<p>Elue au conseil de laboratoire d\u2019EVS_UMR 5600 CNR<\/p>\n<p>Co-responsable de la formation double-cursus \u00e0 l\u2019ENSAL<\/p>\n<p>&nbsp;<\/p>\n<p><strong>Communications\/Publications (les 5 plus significatives)<\/strong><\/p>\n<p style=\"text-align: justify;\"><strong>&#8211; <\/strong>Regnault C. (2016) <em>Cartes postales sonores<\/em><strong>. <\/strong>In <em>Barbanti R., Mari\u00e9tan. P., L\u2019\u00e9coute du monde. N\u00eemes\u00a0: Lucie Editions.<\/em><\/p>\n<p style=\"text-align: justify;\"><strong>&#8211; <\/strong>Regnault C, (2015). <em>De l\u2019usage de l\u2019enregistrement sonore en architecture<strong>.<\/strong><\/em> In <em>Guiliu C, Torgue H (dir.) Soudspaces.<\/em> Chapitre 2. Exp\u00e9rimentations sensibles. Presse universitaires de Rennes.<\/p>\n<p style=\"text-align: justify;\"><strong>&#8211; <\/strong>Torgue H, S\u00e9midor C, Beaumont J, Barlet A, Delas J, Gbedji F , Regnault C<em> (<\/em>2012). <em>Pour un guide multidisciplinaire des ambiances sonores urbaines.<\/em> <em>Les Cahiers de la Recherche <\/em> <em>Architecturale et Urbaine<\/em>, n\u00b0 sp\u00e9cial.<\/p>\n<p style=\"text-align: justify;\"><strong>&#8211; <\/strong>Regnault C, (2010). <em>La cloche dans le paysage sonore. El\u00e9ments d\u2019<\/em><em>inventaire campanaire<\/em><strong><em>. <\/em><\/strong>In <em>Thierry Buron et Isabelle Darnas,<\/em><em> Regards sur le paysage sonore. <\/em>Paris\u00a0: <a href=\"http:\/\/www.actes-sud.fr\/\"><u>Editions Actes Sud<\/u><\/a>, pp 90-110.<\/p>\n<p style=\"text-align: justify;\"><strong>&#8211; <\/strong>Regnault C, Fiori S (2009). <em>Concepteurs sonores et concepteur lumi\u00e8re : deux groupes professionnels \u00e9mergents In <\/em>Claude V<em> (dir.). La fabrication de la ville. M\u00e9tiers et organisation. Marseille : Parenth\u00e8ses, <\/em>pp 103-114.<\/p>\n<p style=\"text-align: justify;\"><a href=\"http:\/\/labo-laure.lyon.archi.fr\/wp-content\/uploads\/2016\/04\/Ce\u0301cile-REGNAULT-CV-2016.pdf\">CV Ce\u0301cile Regnault<\/a><\/p>\n","protected":false},"excerpt":{"rendered":"<p>cecile.regnault@lyon.archi.fr &#8211; T\u00e9l\u00a0: 33 06 87358625 Architecte \/ Docteure \/ qualifi\u00e9e (2015_2018) section CNU 18 et 24 \/ Maitre-assistante titulaire ENSAL\u00a0\/ Membre EVS-LAURE \/ Correspondante UMR1563 Ambiances Axes de recherche Historiquement, mes activit\u00e9s scientifiques s\u2019articulent en 3 champs\u00a0: &#8211; recherches \u00e0 caract\u00e8re fondamental sur la notion d\u2019atmosph\u00e8re, d\u2019\u00e9pist\u00e9mologie des ambiances, de la perception sensible de &hellip; <a href=\"https:\/\/www.laure.archi.fr\/?page_id=175\" class=\"more-link\">Continuer la lecture de <span class=\"screen-reader-text\">C\u00e9cile Regnault<\/span> <span class=\"meta-nav\">&rarr;<\/span><\/a><\/p>\n","protected":false},"author":2,"featured_media":0,"parent":19,"menu_order":0,"comment_status":"closed","ping_status":"closed","template":"","meta":[],"_links":{"self":[{"href":"https:\/\/www.laure.archi.fr\/index.php?rest_route=\/wp\/v2\/pages\/175"}],"collection":[{"href":"https:\/\/www.laure.archi.fr\/index.php?rest_route=\/wp\/v2\/pages"}],"about":[{"href":"https:\/\/www.laure.archi.fr\/index.php?rest_route=\/wp\/v2\/types\/page"}],"author":[{"embeddable":true,"href":"https:\/\/www.laure.archi.fr\/index.php?rest_route=\/wp\/v2\/users\/2"}],"replies":[{"embeddable":true,"href":"https:\/\/www.laure.archi.fr\/index.php?rest_route=%2Fwp%2Fv2%2Fcomments&post=175"}],"version-history":[{"count":1,"href":"https:\/\/www.laure.archi.fr\/index.php?rest_route=\/wp\/v2\/pages\/175\/revisions"}],"predecessor-version":[{"id":778,"href":"https:\/\/www.laure.archi.fr\/index.php?rest_route=\/wp\/v2\/pages\/175\/revisions\/778"}],"up":[{"embeddable":true,"href":"https:\/\/www.laure.archi.fr\/index.php?rest_route=\/wp\/v2\/pages\/19"}],"wp:attachment":[{"href":"https:\/\/www.laure.archi.fr\/index.php?rest_route=%2Fwp%2Fv2%2Fmedia&parent=175"}],"curies":[{"name":"wp","href":"https:\/\/api.w.org\/{rel}","templated":true}]}}

Cécile Regnault

<p><img loading="lazy" class="alignnone size-medium wp-image-459" src="http://www.laure.archi.fr/wp-content/uploads/2016/06/REGNAULT-Cecile-216x300.jpg" alt="REGNAULT Cecile" width="216" height="300" srcset="https://www.laure.archi.fr/wp-content/uploads/2016/06/REGNAULT-Cecile-216x300.jpg 216w, https://www.laure.archi.fr/wp-content/uploads/2016/06/REGNAULT-Cecile.jpg 360w" sizes="(max-width: 216px) 100vw, 216px" /></p>
<p>cecile.regnault@lyon.archi.fr &#8211; Tél : 33 06 87358625</p>
<p>Architecte / Docteure / qualifiée (2015_2018) section CNU 18 et 24 / Maitre-assistante titulaire ENSAL / Membre EVS-LAURE / Correspondante UMR1563 Ambiances</p>
<p><strong>Axes de recherche </strong></p>
<p>Historiquement, mes activités scientifiques s’articulent en 3 champs :</p>
<p style="text-align: justify;">&#8211; recherches à caractère fondamental sur la notion d’atmosphère, d’épistémologie des ambiances, de la perception sensible de l’espace, de sciences de l’audible.</p>
<p style="text-align: justify;">&#8211; recherches sur les outils et formes de représentations (initiés par ma thèse de doctorat), graphiques et audiovisuelles de la ville.</p>
<p style="text-align: justify;">&#8211; recherches sur les métiers de l’aménagement, la participation habitante, la co-conception dans les projets. Initiées avec l’équipe de l’UMR Ambiances 1563 (1993_2014), mes enjeux scientifiques ont évolué, depuis mon entrée dans EVS 5600 en janvier 2014, vers des objets de recherche plus transversaux : attention et appropriation de l’espace, pratiques et postures, urbanité, héritage et histoire du sensible. Ainsi mes recherches centrées sur la conception architecturale peuvent être amenées à nourrir et croiser les 4 entrées scientifiques de la composante EVS_LAURE, étant entendu que ce ne sont pas des thématiques de recherche mais bien des enjeux communs que j’aborde toujours par l’expérience vécue via des méthodes issues de la microsociologie, de l’anthropologie, des sciences appliquées dans une écologie de la perception.</p>
<p style="text-align: justify;">Mon HDR en cours recentre mes réflexions théoriques sur la perception-action, traitant de questions initiatrices d’écoute et de méthodes d’enquêtes actives et impliquées dans le sensible à savoir, l’expérience, l’expérimentation, l’attention à l’espace, plus particulièrement l’espace au corps et à l’oreille. Le fond épistémologique questionné concerne les interrelations entre perception, action, création et conception architecturale. Je suis ainsi parmi les rares chercheurs de l’équipe relevant de la section 18 (architecture), impliquée dans la recherche-création.</p>
<p style="text-align: justify;">Mots clés : <em>Théorie des a</em><em>mbiances architecturales et urbaines, expériences, expérimentations, conception, participation, co- fabrication de l’espace architectural // Métiers de la conception, pragmatique des ambiances // Paysage sonore design sonore, acoustique appliquée // Techniques audio, observatoire, archivage, simulation sonore, corrélation image-son. </em></p>
<p style="text-align: justify;"><strong>Responsabilités collectives</strong></p>
<p>Représentante au bureau du collège académique IDEX « Arts, culture, architecture 1 Design</p>
<p>Elue au conseil de laboratoire d’EVS_UMR 5600 CNR</p>
<p>Co-responsable de la formation double-cursus à l’ENSAL</p>
<p>&nbsp;</p>
<p><strong>Communications/Publications (les 5 plus significatives)</strong></p>
<p style="text-align: justify;"><strong>&#8211; </strong>Regnault C. (2016) <em>Cartes postales sonores</em><strong>. </strong>In <em>Barbanti R., Mariétan. P., L’écoute du monde. Nîmes : Lucie Editions.</em></p>
<p style="text-align: justify;"><strong>&#8211; </strong>Regnault C, (2015). <em>De l’usage de l’enregistrement sonore en architecture<strong>.</strong></em> In <em>Guiliu C, Torgue H (dir.) Soudspaces.</em> Chapitre 2. Expérimentations sensibles. Presse universitaires de Rennes.</p>
<p style="text-align: justify;"><strong>&#8211; </strong>Torgue H, Sémidor C, Beaumont J, Barlet A, Delas J, Gbedji F , Regnault C<em> (</em>2012). <em>Pour un guide multidisciplinaire des ambiances sonores urbaines.</em> <em>Les Cahiers de la Recherche </em> <em>Architecturale et Urbaine</em>, n° spécial.</p>
<p style="text-align: justify;"><strong>&#8211; </strong>Regnault C, (2010). <em>La cloche dans le paysage sonore. Eléments d’</em><em>inventaire campanaire</em><strong><em>. </em></strong>In <em>Thierry Buron et Isabelle Darnas,</em><em> Regards sur le paysage sonore. </em>Paris : <a href="http://www.actes-sud.fr/"><u>Editions Actes Sud</u></a>, pp 90-110.</p>
<p style="text-align: justify;"><strong>&#8211; </strong>Regnault C, Fiori S (2009). <em>Concepteurs sonores et concepteur lumière : deux groupes professionnels émergents In </em>Claude V<em> (dir.). La fabrication de la ville. Métiers et organisation. Marseille : Parenthèses, </em>pp 103-114.</p>
<p style="text-align: justify;"><a href="http://labo-laure.lyon.archi.fr/wp-content/uploads/2016/04/Cécile-REGNAULT-CV-2016.pdf">CV Cécile Regnault</a></p>

<p>cecile.regnault@lyon.archi.fr &#8211; Tél : 33 06 87358625 Architecte / Docteure / qualifiée (2015_2018) section CNU 18 et 24 / Maitre-assistante titulaire ENSAL / Membre EVS-LAURE / Correspondante UMR1563 Ambiances Axes de recherche Historiquement, mes activités scientifiques s’articulent en 3 champs : &#8211; recherches à caractère fondamental sur la notion d’atmosphère, d’épistémologie des ambiances, de la perception sensible de &hellip; <a href="https://www.laure.archi.fr/?page_id=175" class="more-link">Continuer la lecture de <span class="screen-reader-text">Cécile Regnault</span> <span class="meta-nav">&rarr;</span></a></p>
