{"id":158,"date":"2016-04-01T15:57:59","date_gmt":"2016-04-01T13:57:59","guid":{"rendered":"http:\/\/laureensal.hypotheses.org\/?page_id=158"},"modified":"2019-09-04T10:59:48","modified_gmt":"2019-09-04T08:59:48","slug":"bastien-couturier","status":"publish","type":"page","link":"https:\/\/www.laure.archi.fr\/?page_id=158","title":{"rendered":"Bastien Couturier"},"content":{"rendered":"<p><img loading=\"lazy\" class=\"wp-image-439 alignleft\" src=\"https:\/\/www.laure.archi.fr\/wp-content\/uploads\/2016\/06\/COUTURIER-BASTIEN.jpg\" alt=\"\" width=\"246\" height=\"284\" srcset=\"https:\/\/www.laure.archi.fr\/wp-content\/uploads\/2016\/06\/COUTURIER-BASTIEN.jpg 432w, https:\/\/www.laure.archi.fr\/wp-content\/uploads\/2016\/06\/COUTURIER-BASTIEN-259x300.jpg 259w\" sizes=\"(max-width: 246px) 100vw, 246px\" \/><\/p>\n<p>bastien.couturier@lyon.archi.fr &#8211; T\u00e9l\u00a0: 04 78 79 95 79<\/p>\n<p>Architecte D.E. \/ Doctorant en architecture \/ DEA &#8211; mention recherche \/ Membre EVS-LAURE \/\u00a0Enseignant contractuel des ENSA \/ Sous contrat doctoral M.C.C. (2013-2016)<\/p>\n<p><strong>Axes de recherche<\/strong><\/p>\n<p style=\"text-align: justify;\">La pr\u00e9sente th\u00e8se, \u00e0 la rencontre de l\u2019Architecture, de l\u2019Histoire de l\u2019art et du Droit, s\u2019int\u00e9resse \u00e0\u00a0:<\/p>\n<p style=\"text-align: justify;\">&#8211; r\u00e9v\u00e9ler l\u2019obsolescence d\u2019un paradigme \u00e9pist\u00e9mologique\u00a0: celui consid\u00e9rant le titre de monument historique comme sacrosaint et immuable\u00a0;<\/p>\n<p style=\"text-align: justify;\">&#8211; \u00e9tudier la subjectivit\u00e9 des d\u00e9finitions juridiques de classement au titre des monuments historiques, pour les \u00e9difices pr\u00e9sentant un \u00ab\u00a0int\u00e9r\u00eat public\u00a0\u00bb, et d\u2019inscription, dans le cas d\u2019\u00e9difices pr\u00e9sentant un \u00ab\u00a0int\u00e9r\u00eat suffisant pour en rendre d\u00e9sirable la pr\u00e9servation\u00a0\u00bb\u00a0;<\/p>\n<p style=\"text-align: justify;\">&#8211; confronter la place et le statut des protections monumentales fran\u00e7aises parmi les syst\u00e8mes de protection \u00e9labor\u00e9s dans diff\u00e9rents pays europ\u00e9ens, et parmi les diff\u00e9rents types de protection et de labellisation d\u00e9velopp\u00e9s depuis les ann\u00e9es 1960\u00a0;<\/p>\n<p style=\"text-align: justify;\">&#8211; identifier et cat\u00e9goriser les diff\u00e9rentes raisons d\u2019annulation de protections monumentales (par annulation ou par radiation, partielles ou en totalit\u00e9), caract\u00e9riser la perte d\u2019\u00ab\u00a0int\u00e9r\u00eat\u00a0\u00bb monumental\u00a0;<\/p>\n<p style=\"text-align: justify;\">&#8211; \u00e9tudier les acteurs et institutions charg\u00e9es d\u2019\u00e9tablir la valeur, la l\u00e9gitimit\u00e9 et la pertinence de la mise sous protection ou la radiation d\u2019\u00e9difices au titre des monuments historiques\u00a0:<\/p>\n<p style=\"text-align: justify;\">&#8211; d\u00e9finir des crit\u00e8res objectifs de s\u00e9lection, en r\u00e9v\u00e9lant les crit\u00e8res pr\u00e9valant \u00e0 la radiation des monuments.<\/p>\n<p style=\"text-align: justify;\">De plus, le contrat doctoral M.C.C.\u00a0inclut la participation \u00e0 des \u00ab activit\u00e9s compl\u00e9mentaires \u00bb. Une pratique d\u2019enseignement est ainsi li\u00e9e aux th\u00e9matiques d\u00e9velopp\u00e9es dans le cadre de la th\u00e8se, \u00e0 savoir l\u2019h\u00e9ritage architectural, les interventions en b\u00e2ti existant, la gestion de projet et r\u00e9glementations et l\u2019initiation \u00e0 la recherche.<\/p>\n<p><strong>Responsabilit\u00e9s collectives<\/strong><\/p>\n<p>Ex-repr\u00e9sentant des doctorants \u00e0 l\u2019\u00c9cole doctorale 483\u00a0;<\/p>\n<p>Repr\u00e9sentant des doctorants au bureau du laboratoire EVS-LAURE\u00a0;<\/p>\n<p>Membre du projet de recherche ANR \u00ab\u00a0PLUPatrimonial\u00a0\u00bb\u00a0;<\/p>\n<p>Membre de l\u2019atelier 6 \u00ab\u00a0Faire territoire, faire soci\u00e9t\u00e9\u00a0\u00bb &#8211; UMR 5600 Environnement, ville, soci\u00e9t\u00e9\u00a0;<\/p>\n<p>Participation \u00e0 l\u2019organisation et la publication des actes du 2<sup>e<\/sup> congr\u00e8s francophone d\u2019histoire de la construction (Lyon, janv. 2014).<\/p>\n<p>&nbsp;<\/p>\n<p><strong>Communications\/Publications (les 5 plus significatives)<\/strong><\/p>\n<p><u>Articles dans des revues avec comit\u00e9 de lecture &#8211; Revues de Rang A (HCERES) :<\/u><\/p>\n<p style=\"text-align: justify;\">COUTURIER Bastien, <em>Synth\u00e8se des radiations de protections<\/em>, dans Juristourisme n\u00b0154 &#8211; Loi 1913 : un monument juridique, \u00e9d. Dalloz &#8211; Juris\u00e9ditions, juin 2013, p. 23-24, 50 p.<\/p>\n<p style=\"text-align: justify;\">COUTURIER Bastien, <em>Le titre de monument historique prot\u00e8ge-t-il de la disparition\u00a0?<\/em>,\u00a0 dans Cahiers th\u00e9matiques n\u00b016 &#8211; L\u2019architecture et la disparition, \u00e9d. la Maison des Sciences de l&rsquo;Homme,\u00a0mars 2017.<\/p>\n<p><u>Communications orales dans un congr\u00e8s international ou national\u00a0:<\/u><\/p>\n<p style=\"text-align: justify;\">&#8211; 2015\/09, International TICCIH Congress 2015 (Univ. Lille2), Industrial Heritage in the XXI Century, New Challenges &#8211; Session 3.D_Restoration and Conservation :<\/p>\n<p style=\"text-align: justify;\">COUTURIER Bastien &amp; VESCHAMBRE Vincent, <em>Industrial buildings as architectural monuments &#8211; A flimsy protection<\/em><\/p>\n<p style=\"text-align: justify;\">&#8211; 2013\/09, Rencontres doctorales en architecture (ENSAPB) &#8211; atelier 6 Processus de patrimonialisation\u00a0:<\/p>\n<p style=\"text-align: justify;\">Titre\u00a0: <em>Analyse des crit\u00e8res propres \u00e0 construire la valeur patrimoniale par l\u2019\u00e9tude des actes ex\u00e9cutoires de radiation du titre de monument historique, depuis 1990<\/em>.<\/p>\n<p style=\"text-align: justify;\">&#8211; 2013\/03, Colloque Visions urbaines &#8211; Identit\u00e9(s) et controverses patrimoniales : la condition culturelle en ville (ENS-Ulm Paris) : conf\u00e9rence \u00ab Le format patrimonial : architecture, authenticit\u00e9 fictive et projets de restauration\/r\u00e9habilitation monumentaux \u00bb :<\/p>\n<p style=\"text-align: justify;\">Titre\u00a0:<em> Protection au titre des monuments historiques : entre patrimonialisation et am\u00e9nagement du territoire.<\/em><\/p>\n<p style=\"text-align: justify;\">\u00a0<a href=\"http:\/\/labo-laure.lyon.archi.fr\/wp-content\/uploads\/2016\/04\/Curriculum-Vitae-Bastien-Couturier.pdf\">CV Bastien Couturier<\/a><\/p>\n","protected":false},"excerpt":{"rendered":"<p>bastien.couturier@lyon.archi.fr &#8211; T\u00e9l\u00a0: 04 78 79 95 79 Architecte D.E. \/ Doctorant en architecture \/ DEA &#8211; mention recherche \/ Membre EVS-LAURE \/\u00a0Enseignant contractuel des ENSA \/ Sous contrat doctoral M.C.C. (2013-2016) Axes de recherche La pr\u00e9sente th\u00e8se, \u00e0 la rencontre de l\u2019Architecture, de l\u2019Histoire de l\u2019art et du Droit, s\u2019int\u00e9resse \u00e0\u00a0: &#8211; r\u00e9v\u00e9ler l\u2019obsolescence &hellip; <a href=\"https:\/\/www.laure.archi.fr\/?page_id=158\" class=\"more-link\">Continuer la lecture de <span class=\"screen-reader-text\">Bastien Couturier<\/span> <span class=\"meta-nav\">&rarr;<\/span><\/a><\/p>\n","protected":false},"author":2,"featured_media":0,"parent":19,"menu_order":0,"comment_status":"closed","ping_status":"closed","template":"","meta":[],"_links":{"self":[{"href":"https:\/\/www.laure.archi.fr\/index.php?rest_route=\/wp\/v2\/pages\/158"}],"collection":[{"href":"https:\/\/www.laure.archi.fr\/index.php?rest_route=\/wp\/v2\/pages"}],"about":[{"href":"https:\/\/www.laure.archi.fr\/index.php?rest_route=\/wp\/v2\/types\/page"}],"author":[{"embeddable":true,"href":"https:\/\/www.laure.archi.fr\/index.php?rest_route=\/wp\/v2\/users\/2"}],"replies":[{"embeddable":true,"href":"https:\/\/www.laure.archi.fr\/index.php?rest_route=%2Fwp%2Fv2%2Fcomments&post=158"}],"version-history":[{"count":2,"href":"https:\/\/www.laure.archi.fr\/index.php?rest_route=\/wp\/v2\/pages\/158\/revisions"}],"predecessor-version":[{"id":758,"href":"https:\/\/www.laure.archi.fr\/index.php?rest_route=\/wp\/v2\/pages\/158\/revisions\/758"}],"up":[{"embeddable":true,"href":"https:\/\/www.laure.archi.fr\/index.php?rest_route=\/wp\/v2\/pages\/19"}],"wp:attachment":[{"href":"https:\/\/www.laure.archi.fr\/index.php?rest_route=%2Fwp%2Fv2%2Fmedia&parent=158"}],"curies":[{"name":"wp","href":"https:\/\/api.w.org\/{rel}","templated":true}]}}

<p><img loading="lazy" class="wp-image-439 alignleft" src="https://www.laure.archi.fr/wp-content/uploads/2016/06/COUTURIER-BASTIEN.jpg" alt="" width="246" height="284" srcset="https://www.laure.archi.fr/wp-content/uploads/2016/06/COUTURIER-BASTIEN.jpg 432w, https://www.laure.archi.fr/wp-content/uploads/2016/06/COUTURIER-BASTIEN-259x300.jpg 259w" sizes="(max-width: 246px) 100vw, 246px" /></p>
<p>bastien.couturier@lyon.archi.fr &#8211; Tél : 04 78 79 95 79</p>
<p>Architecte D.E. / Doctorant en architecture / DEA &#8211; mention recherche / Membre EVS-LAURE / Enseignant contractuel des ENSA / Sous contrat doctoral M.C.C. (2013-2016)</p>
<p><strong>Axes de recherche</strong></p>
<p style="text-align: justify;">La présente thèse, à la rencontre de l’Architecture, de l’Histoire de l’art et du Droit, s’intéresse à :</p>
<p style="text-align: justify;">&#8211; révéler l’obsolescence d’un paradigme épistémologique : celui considérant le titre de monument historique comme sacrosaint et immuable ;</p>
<p style="text-align: justify;">&#8211; étudier la subjectivité des définitions juridiques de classement au titre des monuments historiques, pour les édifices présentant un « intérêt public », et d’inscription, dans le cas d’édifices présentant un « intérêt suffisant pour en rendre désirable la préservation » ;</p>
<p style="text-align: justify;">&#8211; confronter la place et le statut des protections monumentales françaises parmi les systèmes de protection élaborés dans différents pays européens, et parmi les différents types de protection et de labellisation développés depuis les années 1960 ;</p>
<p style="text-align: justify;">&#8211; identifier et catégoriser les différentes raisons d’annulation de protections monumentales (par annulation ou par radiation, partielles ou en totalité), caractériser la perte d’« intérêt » monumental ;</p>
<p style="text-align: justify;">&#8211; étudier les acteurs et institutions chargées d’établir la valeur, la légitimité et la pertinence de la mise sous protection ou la radiation d’édifices au titre des monuments historiques :</p>
<p style="text-align: justify;">&#8211; définir des critères objectifs de sélection, en révélant les critères prévalant à la radiation des monuments.</p>
<p style="text-align: justify;">De plus, le contrat doctoral M.C.C. inclut la participation à des « activités complémentaires ». Une pratique d’enseignement est ainsi liée aux thématiques développées dans le cadre de la thèse, à savoir l’héritage architectural, les interventions en bâti existant, la gestion de projet et réglementations et l’initiation à la recherche.</p>
<p><strong>Responsabilités collectives</strong></p>
<p>Ex-représentant des doctorants à l’École doctorale 483 ;</p>
<p>Représentant des doctorants au bureau du laboratoire EVS-LAURE ;</p>
<p>Membre du projet de recherche ANR « PLUPatrimonial » ;</p>
<p>Membre de l’atelier 6 « Faire territoire, faire société » &#8211; UMR 5600 Environnement, ville, société ;</p>
<p>Participation à l’organisation et la publication des actes du 2<sup>e</sup> congrès francophone d’histoire de la construction (Lyon, janv. 2014).</p>
<p>&nbsp;</p>
<p><strong>Communications/Publications (les 5 plus significatives)</strong></p>
<p><u>Articles dans des revues avec comité de lecture &#8211; Revues de Rang A (HCERES) :</u></p>
<p style="text-align: justify;">COUTURIER Bastien, <em>Synthèse des radiations de protections</em>, dans Juristourisme n°154 &#8211; Loi 1913 : un monument juridique, éd. Dalloz &#8211; Juriséditions, juin 2013, p. 23-24, 50 p.</p>
<p style="text-align: justify;">COUTURIER Bastien, <em>Le titre de monument historique protège-t-il de la disparition ?</em>,  dans Cahiers thématiques n°16 &#8211; L’architecture et la disparition, éd. la Maison des Sciences de l&rsquo;Homme, mars 2017.</p>
<p><u>Communications orales dans un congrès international ou national :</u></p>
<p style="text-align: justify;">&#8211; 2015/09, International TICCIH Congress 2015 (Univ. Lille2), Industrial Heritage in the XXI Century, New Challenges &#8211; Session 3.D_Restoration and Conservation :</p>
<p style="text-align: justify;">COUTURIER Bastien &amp; VESCHAMBRE Vincent, <em>Industrial buildings as architectural monuments &#8211; A flimsy protection</em></p>
<p style="text-align: justify;">&#8211; 2013/09, Rencontres doctorales en architecture (ENSAPB) &#8211; atelier 6 Processus de patrimonialisation :</p>
<p style="text-align: justify;">Titre : <em>Analyse des critères propres à construire la valeur patrimoniale par l’étude des actes exécutoires de radiation du titre de monument historique, depuis 1990</em>.</p>
<p style="text-align: justify;">&#8211; 2013/03, Colloque Visions urbaines &#8211; Identité(s) et controverses patrimoniales : la condition culturelle en ville (ENS-Ulm Paris) : conférence « Le format patrimonial : architecture, authenticité fictive et projets de restauration/réhabilitation monumentaux » :</p>
<p style="text-align: justify;">Titre :<em> Protection au titre des monuments historiques : entre patrimonialisation et aménagement du territoire.</em></p>
<p style="text-align: justify;"> <a href="http://labo-laure.lyon.archi.fr/wp-content/uploads/2016/04/Curriculum-Vitae-Bastien-Couturier.pdf">CV Bastien Couturier</a></p>

<p>bastien.couturier@lyon.archi.fr &#8211; Tél : 04 78 79 95 79 Architecte D.E. / Doctorant en architecture / DEA &#8211; mention recherche / Membre EVS-LAURE / Enseignant contractuel des ENSA / Sous contrat doctoral M.C.C. (2013-2016) Axes de recherche La présente thèse, à la rencontre de l’Architecture, de l’Histoire de l’art et du Droit, s’intéresse à : &#8211; révéler l’obsolescence &hellip; <a href="https://www.laure.archi.fr/?page_id=158" class="more-link">Continuer la lecture de <span class="screen-reader-text">Bastien Couturier</span> <span class="meta-nav">&rarr;</span></a></p>
