{"id":135,"date":"2016-04-01T13:53:01","date_gmt":"2016-04-01T11:53:01","guid":{"rendered":"http:\/\/laureensal.hypotheses.org\/?page_id=135"},"modified":"2019-09-04T11:09:25","modified_gmt":"2019-09-04T09:09:25","slug":"nune-chilingaryan","status":"publish","type":"page","link":"https:\/\/www.laure.archi.fr\/?page_id=135","title":{"rendered":"Nune Chilingaryan"},"content":{"rendered":"<p><img loading=\"lazy\" class=\"alignnone wp-image-438 size-medium\" src=\"http:\/\/labo-laure.lyon.archi.fr\/wp-content\/uploads\/2016\/06\/CHILIGARIAN-Nune-248x300.jpg\" width=\"248\" height=\"300\" srcset=\"https:\/\/www.laure.archi.fr\/wp-content\/uploads\/2016\/06\/CHILIGARIAN-Nune-248x300.jpg 248w, https:\/\/www.laure.archi.fr\/wp-content\/uploads\/2016\/06\/CHILIGARIAN-Nune.jpg 414w\" sizes=\"(max-width: 248px) 100vw, 248px\" \/><\/p>\n<p><a href=\"mailto:nune.chilingaryan@lyon.archi.fr\">nune.chilingaryan@lyon.archi.fr<\/a><\/p>\n<p>Architecte, HDR, professeure associ\u00e9e Th\u00e9orie et Pratique de la Conception Architecturale et Urbaine (TPCAU) \u00e0 L\u2019ENSA Lyon \/ chercheure associ\u00e9e au LAURe \/ Architecte en chef \u00e0 l\u2019agence d\u2019architecture SARL \u00ab\u00a0KHORAN\u00a0\u00bb, (Arm\u00e9nie, Erevan)<\/p>\n<p><a href=\"https:\/\/halshs.archives-ouvertes.fr\/halshs-01401317v1\">https:\/\/halshs.archives-ouvertes.fr\/halshs-01401317v1<\/a><br \/>\n<a href=\"https:\/\/laureensal.hypotheses.org\/nune-chilingaryan\">https:\/\/laureensal.hypotheses.org\/nune-chilingaryan<\/a><\/p>\n<h3>sp\u00e9cialit\u00e9s<\/h3>\n<p><em>Mots-cl\u00e9s : conception architecturale et urbaine, r\u00e9habilitation et restructuration des ensembles du logement social, revalorisation des \u00ab\u00a0grands ensembles\u00a0\u00bb<\/em><br \/>\nMes travaux de recherche portent sur l\u2019histoire de l\u2019architecture et des formes urbaines, la valorisation du patrimoine (ensembles d\u2019habitation et \u00e9difices publics) du XXe si\u00e8cle en Europe et dans les pays de l\u2019ex-Union Sovi\u00e9tique, la r\u00e9habilitation des sites historiques et les probl\u00e8mes de leur insertion dans le tissu urbain des villes contemporaines en mutation, l\u2019analyse des transformations du milieu d\u2019habitation depuis l\u2019apparition du logement social au milieu du XIXe si\u00e8cle jusqu\u2019aux op\u00e9rations de la restructuration du patrimoine des Trente Glorieuses (fin XX-d\u00e9but XIXe si\u00e8cle). Mon m\u00e9moire d\u2019Habilitation \u00e0 Diriger des Recherches, en cours, s\u2019intitule \u00ab\u00a0Du refus de l\u2019ilot \u00e0 l\u2019ilot modernis\u00e9\u00a0: \u00e9tapes de parcours, acquis et pertes. Evolution des principes d\u2019organisation du milieu d\u2019habitation en France de la fib du XIXe au d\u00e9but du XXI si\u00e8cle\u00a0\u00bb.. Architecte-urbaniste praticienne, je suis par ailleurs l\u2019auteure de 10 projets, de restauration de monuments architecturaux, d\u2019\u00e9difices publics et de maisons d\u2019habitation.<\/p>\n<h3>exp\u00e9riences professionnelles en bref<\/h3>\n<p>Depuis 2015 : ,Professeure associ\u00e9e \u00e0 l\u2019ENSAL<br \/>\nDepuis 1999 : Architecte en chef \u00e0 l\u2019agence d\u2019architecture \u201cSARL Khoran\u201d, Erevan, Arm\u00e9nie<br \/>\n2011-2015 : Professeure titulaire \u00e0 la Chaire de l\u2019urbanisme de l\u2019Universit\u00e9 Nationale de l\u2019Architecture et de Construction de l\u2019Arm\u00e9nie (UNACA)<br \/>\n1990-2011 : Maitre de conf\u00e9rences titulaire \u00e0 la Chaire de l\u2019urbanisme de (Disciplines\u00a0: Projet urbain, Projet d\u2019architecture, Histoire de l\u2019architecture et de l\u2019urbanisme) de l\u2019UNACA<br \/>\n2005-2008 : Vice doyenne de la facult\u00e9 d\u2019architecture de l\u2019UNACA<br \/>\nChevalier de l\u2019Ordre des Palmes Acad\u00e9miques (d\u00e9cret du 12 f\u00e9vrier 2004 du Premier Ministre de la R\u00e9publique Fran\u00e7aise, \u00ab\u00a0Pour les services rendus \u00e0 la culture fran\u00e7aise\u00a0\u00bb).<\/p>\n<h3>formation, dipl\u00f4mes, qualifications<\/h3>\n<p>2008 : HDR d\u00e9livr\u00e9e par la Commission de Qualification Sup\u00e9rieure (CQS) de la R\u00e9publique d\u2019Arm\u00e9nie.<br \/>\n1997 : Doctorat en architecture N 00571. Titre : \u00ab Evolution des principes d\u2019organisation spatiale des ensembles du logement social en France de la fin du XIXe si\u00e8cle \u00e0 la fin du XXe si\u00e8cle \u00bb (en russe), soutenue aupr\u00e8s de la Commission Sp\u00e9cialis\u00e9e de l\u2019UNACA,<br \/>\n1990 : Doctorat, Institut de l\u2019Art de l\u2019Acad\u00e9mie des Sciences de l\u2019Arm\u00e9nie<br \/>\n1994 : Certificat d\u2019Etudes Approfondies en Architecture (CEAA) \u00abFormes urbaines \u00bb, laboratoire \u201cVilles et territoires m\u00e9diterran\u00e9ens\u201d, Ecole d\u2019Architecture de Marseille-Luminy.<br \/>\n1983 : Dipl\u00f4me d\u2019architecte (Mention d\u2019excellence), facult\u00e9 d\u2019architecture de l\u2019Institut Polytechnique d\u2019Er\u00e9van<\/p>\n<h3>principaux enseignements<\/h3>\n<p>Domaine d\u2019\u00e9tude de master AMTH : Responsable de l\u2019atelier de projet \u00ab\u00a0Architectures et Mati\u00e8res Urbaines\u00a0: de l\u2019eau a la pierre\u00a0\u00bb, (M1) ; atelier de projet (M2, TD, CM) ; Cours et TD \u00ab\u00a0Racines de la ville\u00a0: Introduire et d\u00e9finir, Relier et D\u00e9passer\u00a0\u00bb, (s\u00e9minaire M1) : Direction de 3 \u00e0 7 projets de fin d\u2019\u00e9tude et de 3 \u00e0 5 m\u00e9moires de master par an (dont m\u00e9moires mention recherche)<\/p>\n<h3>direction \/ co-direction de th\u00e8ses<\/h3>\n<p>Zaruhi AMIRAGHYAN, \u00ab\u00a0Les principes de mod\u00e9lisation urbanistique du tourisme en Arm\u00e9nie\u00a0\u00bb, doctorat en architecture, soutenu le 29.01.2010 (dipl\u00f4me de docteur en architecture AN 05020)<br \/>\nMadl\u00e9na IGITKHANYAN, \u00ab Les probl\u00e8mes urbains de la restructuration des cours d\u2019habitation de la ville d\u2019Er\u00e9van \u00bb, doctorat en architecture, soutenu le 22.05.2013 (dipl\u00f4me de docteur en architecture AN 06561).<\/p>\n<h3>responsabilit\u00e9s en lien avec la recherche<\/h3>\n<p>Membre \u00e9lue \u00e0 la Commission de la Recherche de ENSAL et \u00e9lue suppl\u00e9ante \u00e0 la Commission des Formations et de la Vie Etudiante (CFVE) de l\u2019ENSAL depuis nov. 2018 :<br \/>\nExpertise du dossier \u00ab\u00a0Ani Cultural landscape\u00a0\u00bb d\u2019inscription sur la liste du Patrimoine Mondial 2016, en tant qu\u2019expert du Comit\u00e9 Scientifique International de l\u2019ICOMOS, septembre-octobre 2015.<br \/>\nMembre de l\u2019ICOMOS (International Council on Monuments and Sites) depuis 2000<br \/>\nMembre expert du comit\u00e9 scientifique du Patrimoine du XXe si\u00e8cle de l\u2019ICOMOS (ISC20), vice pr\u00e9sidente du ISC20 2012-2014, depuis 2005<\/p>\n<h3>PRODUCTION SCIENTIFIQUE (s\u00e9lection)<\/h3>\n<h6>chapitres d\u2019ouvrage<\/h6>\n<p>Chilingaryan Nune (2014), \u00ab\u00a0Free Language of Independence or Destruction of Authenticity\u00a0? Post-socialist Architecture in Armenia\u00a0\u00bb, in A. BARTETZKY, C. DIETZ, J. HASPEL (dirs.), From Rejection to Appropriation\u00a0? The Architectural Heritage of Socialism, B\u00d6HLAU VERLAG GMBH &amp; CIE, WIEN K\u00d6LN WEIMAR, 2014, pp. 45-55. ISBN 978-3-412-22148-5.<\/p>\n<h6>articles publi\u00e9s dans des actes<\/h6>\n<p>Chilingaryan Nune (2016), \u00ab\u00a0The passeist, modernist and futurist features of some social housing complexes created in the transitional period of 1960-1970, case of Maurelette in Marseille\u00a0\u00bb, 17th IPHS Conference-Delft 2016 \u00ab\u00a0History, Urbanism, Resilience, Ideas on the Move and Modernisation\u00a0\u00bb, juillet 2016. DOI: http:\/\/dx.doi.org\/10.7480\/iphs.2016.1.1194 halshs-01401317<br \/>\nChilingaryan Nune et Gurjyan Gagik (2013), \u00ab\u00a0Socialist Realism and Armenian Building Tradition\u00a0: Steps to Form an Unique Architectural Language\u00bb, in ICOMOS, Journal of the German National Committee, vol. LVIII, 2013, p. 73-80. ISBN 978-3-930388-90-5 (actes du \u00ab\u00a0European expert meeting of ICOMOS on the feasibility of an international serial nomination of 20th century monuments and sites in post-socialist countries for the UNESCO World Heritage List\u00a0\u00bb Warsaw, 14th\u201315th of April 2013). https:\/\/www.icomos.org\/images\/DOCUMENTS\/Secretariat\/2014\/E-news\/e-news_105\/ICOMOS_SocialistRealism_Socialist_Modernism_enews.pdf<\/p>\n<h6>articles de revues scientifiques<\/h6>\n<p>Chilingaryan Nune (2006), \u00ab\u00a0Les grands ensembles modernes et les quartiers post modernes: ph\u00e9nom\u00e8ne de l\u2019espace illisible \u00bb, (en fran\u00e7ais), in P\u00e9riodique Recueil des travaux scientifiques de l\u2019UEACE, Er\u00e9van 2006, tome I, p. 132-137.<br \/>\nChilingaryan Nune (2006), \u00ab Particularit\u00e9s de l\u2019interpr\u00e9tation fran\u00e7aises de l\u2019id\u00e9e de la cit\u00e9-jardin \u00bb, (en russe), in P\u00e9riodique Recueil des travaux scientifiques de l\u2019UEACE, Er\u00e9van 2006, tome I, pp 138-141.<\/p>\n<h6>Conf\u00e9rences invit\u00e9es \u00e0 l\u2019\u00e9tranger<\/h6>\n<p>Chilingaryan Nune (2013), \u00ab\u00a0Between Rejection and Appropriation. The Architectural Heritage of Socialism in Central and Eastern Europe\u00a0\u00bb, Conf\u00e9rence internationale organis\u00e9e par ICOMOS Germany, Leipzig, Allemagne, novembre 2012,<\/p>\n<h6>autres<\/h6>\n<p>Chilingaryan Nune (2013), \u00ab\u00a0Lyon-la Duch\u00e8re, histoire d\u2019une modernit\u00e9 \u00e0 s\u2019approprier\u00a0\u00bb, Revue Urbanisme,\u00a0n\u00b0388, Printemps 2013, p. 44-46.<\/p>\n","protected":false},"excerpt":{"rendered":"<p>nune.chilingaryan@lyon.archi.fr Architecte, HDR, professeure associ\u00e9e Th\u00e9orie et Pratique de la Conception Architecturale et Urbaine (TPCAU) \u00e0 L\u2019ENSA Lyon \/ chercheure associ\u00e9e au LAURe \/ Architecte en chef \u00e0 l\u2019agence d\u2019architecture SARL \u00ab\u00a0KHORAN\u00a0\u00bb, (Arm\u00e9nie, Erevan) https:\/\/halshs.archives-ouvertes.fr\/halshs-01401317v1 https:\/\/laureensal.hypotheses.org\/nune-chilingaryan sp\u00e9cialit\u00e9s Mots-cl\u00e9s : conception architecturale et urbaine, r\u00e9habilitation et restructuration des ensembles du logement social, revalorisation des \u00ab\u00a0grands ensembles\u00a0\u00bb &hellip; <a href=\"https:\/\/www.laure.archi.fr\/?page_id=135\" class=\"more-link\">Continuer la lecture de <span class=\"screen-reader-text\">Nune Chilingaryan<\/span> <span class=\"meta-nav\">&rarr;<\/span><\/a><\/p>\n","protected":false},"author":2,"featured_media":0,"parent":19,"menu_order":0,"comment_status":"closed","ping_status":"closed","template":"","meta":[],"_links":{"self":[{"href":"https:\/\/www.laure.archi.fr\/index.php?rest_route=\/wp\/v2\/pages\/135"}],"collection":[{"href":"https:\/\/www.laure.archi.fr\/index.php?rest_route=\/wp\/v2\/pages"}],"about":[{"href":"https:\/\/www.laure.archi.fr\/index.php?rest_route=\/wp\/v2\/types\/page"}],"author":[{"embeddable":true,"href":"https:\/\/www.laure.archi.fr\/index.php?rest_route=\/wp\/v2\/users\/2"}],"replies":[{"embeddable":true,"href":"https:\/\/www.laure.archi.fr\/index.php?rest_route=%2Fwp%2Fv2%2Fcomments&post=135"}],"version-history":[{"count":3,"href":"https:\/\/www.laure.archi.fr\/index.php?rest_route=\/wp\/v2\/pages\/135\/revisions"}],"predecessor-version":[{"id":1156,"href":"https:\/\/www.laure.archi.fr\/index.php?rest_route=\/wp\/v2\/pages\/135\/revisions\/1156"}],"up":[{"embeddable":true,"href":"https:\/\/www.laure.archi.fr\/index.php?rest_route=\/wp\/v2\/pages\/19"}],"wp:attachment":[{"href":"https:\/\/www.laure.archi.fr\/index.php?rest_route=%2Fwp%2Fv2%2Fmedia&parent=135"}],"curies":[{"name":"wp","href":"https:\/\/api.w.org\/{rel}","templated":true}]}}

<p><img loading="lazy" class="alignnone wp-image-438 size-medium" src="http://labo-laure.lyon.archi.fr/wp-content/uploads/2016/06/CHILIGARIAN-Nune-248x300.jpg" width="248" height="300" srcset="https://www.laure.archi.fr/wp-content/uploads/2016/06/CHILIGARIAN-Nune-248x300.jpg 248w, https://www.laure.archi.fr/wp-content/uploads/2016/06/CHILIGARIAN-Nune.jpg 414w" sizes="(max-width: 248px) 100vw, 248px" /></p>
<p><a href="mailto:nune.chilingaryan@lyon.archi.fr">nune.chilingaryan@lyon.archi.fr</a></p>
<p>Architecte, HDR, professeure associée Théorie et Pratique de la Conception Architecturale et Urbaine (TPCAU) à L’ENSA Lyon / chercheure associée au LAURe / Architecte en chef à l’agence d’architecture SARL « KHORAN », (Arménie, Erevan)</p>
<p><a href="https://halshs.archives-ouvertes.fr/halshs-01401317v1">https://halshs.archives-ouvertes.fr/halshs-01401317v1</a><br />
<a href="https://laureensal.hypotheses.org/nune-chilingaryan">https://laureensal.hypotheses.org/nune-chilingaryan</a></p>
<h3>spécialités</h3>
<p><em>Mots-clés : conception architecturale et urbaine, réhabilitation et restructuration des ensembles du logement social, revalorisation des « grands ensembles »</em><br />
Mes travaux de recherche portent sur l’histoire de l’architecture et des formes urbaines, la valorisation du patrimoine (ensembles d’habitation et édifices publics) du XXe siècle en Europe et dans les pays de l’ex-Union Soviétique, la réhabilitation des sites historiques et les problèmes de leur insertion dans le tissu urbain des villes contemporaines en mutation, l’analyse des transformations du milieu d’habitation depuis l’apparition du logement social au milieu du XIXe siècle jusqu’aux opérations de la restructuration du patrimoine des Trente Glorieuses (fin XX-début XIXe siècle). Mon mémoire d’Habilitation à Diriger des Recherches, en cours, s’intitule « Du refus de l’ilot à l’ilot modernisé : étapes de parcours, acquis et pertes. Evolution des principes d’organisation du milieu d’habitation en France de la fib du XIXe au début du XXI siècle ».. Architecte-urbaniste praticienne, je suis par ailleurs l’auteure de 10 projets, de restauration de monuments architecturaux, d’édifices publics et de maisons d’habitation.</p>
<h3>expériences professionnelles en bref</h3>
<p>Depuis 2015 : ,Professeure associée à l’ENSAL<br />
Depuis 1999 : Architecte en chef à l’agence d’architecture “SARL Khoran”, Erevan, Arménie<br />
2011-2015 : Professeure titulaire à la Chaire de l’urbanisme de l’Université Nationale de l’Architecture et de Construction de l’Arménie (UNACA)<br />
1990-2011 : Maitre de conférences titulaire à la Chaire de l’urbanisme de (Disciplines : Projet urbain, Projet d’architecture, Histoire de l’architecture et de l’urbanisme) de l’UNACA<br />
2005-2008 : Vice doyenne de la faculté d’architecture de l’UNACA<br />
Chevalier de l’Ordre des Palmes Académiques (décret du 12 février 2004 du Premier Ministre de la République Française, « Pour les services rendus à la culture française »).</p>
<h3>formation, diplômes, qualifications</h3>
<p>2008 : HDR délivrée par la Commission de Qualification Supérieure (CQS) de la République d’Arménie.<br />
1997 : Doctorat en architecture N 00571. Titre : « Evolution des principes d’organisation spatiale des ensembles du logement social en France de la fin du XIXe siècle à la fin du XXe siècle » (en russe), soutenue auprès de la Commission Spécialisée de l’UNACA,<br />
1990 : Doctorat, Institut de l’Art de l’Académie des Sciences de l’Arménie<br />
1994 : Certificat d’Etudes Approfondies en Architecture (CEAA) «Formes urbaines », laboratoire “Villes et territoires méditerranéens”, Ecole d’Architecture de Marseille-Luminy.<br />
1983 : Diplôme d’architecte (Mention d’excellence), faculté d’architecture de l’Institut Polytechnique d’Erévan</p>
<h3>principaux enseignements</h3>
<p>Domaine d’étude de master AMTH : Responsable de l’atelier de projet « Architectures et Matières Urbaines : de l’eau a la pierre », (M1) ; atelier de projet (M2, TD, CM) ; Cours et TD « Racines de la ville : Introduire et définir, Relier et Dépasser », (séminaire M1) : Direction de 3 à 7 projets de fin d’étude et de 3 à 5 mémoires de master par an (dont mémoires mention recherche)</p>
<h3>direction / co-direction de thèses</h3>
<p>Zaruhi AMIRAGHYAN, « Les principes de modélisation urbanistique du tourisme en Arménie », doctorat en architecture, soutenu le 29.01.2010 (diplôme de docteur en architecture AN 05020)<br />
Madléna IGITKHANYAN, « Les problèmes urbains de la restructuration des cours d’habitation de la ville d’Erévan », doctorat en architecture, soutenu le 22.05.2013 (diplôme de docteur en architecture AN 06561).</p>
<h3>responsabilités en lien avec la recherche</h3>
<p>Membre élue à la Commission de la Recherche de ENSAL et élue suppléante à la Commission des Formations et de la Vie Etudiante (CFVE) de l’ENSAL depuis nov. 2018 :<br />
Expertise du dossier « Ani Cultural landscape » d’inscription sur la liste du Patrimoine Mondial 2016, en tant qu’expert du Comité Scientifique International de l’ICOMOS, septembre-octobre 2015.<br />
Membre de l’ICOMOS (International Council on Monuments and Sites) depuis 2000<br />
Membre expert du comité scientifique du Patrimoine du XXe siècle de l’ICOMOS (ISC20), vice présidente du ISC20 2012-2014, depuis 2005</p>
<h3>PRODUCTION SCIENTIFIQUE (sélection)</h3>
<h6>chapitres d’ouvrage</h6>
<p>Chilingaryan Nune (2014), « Free Language of Independence or Destruction of Authenticity ? Post-socialist Architecture in Armenia », in A. BARTETZKY, C. DIETZ, J. HASPEL (dirs.), From Rejection to Appropriation ? The Architectural Heritage of Socialism, BÖHLAU VERLAG GMBH &amp; CIE, WIEN KÖLN WEIMAR, 2014, pp. 45-55. ISBN 978-3-412-22148-5.</p>
<h6>articles publiés dans des actes</h6>
<p>Chilingaryan Nune (2016), « The passeist, modernist and futurist features of some social housing complexes created in the transitional period of 1960-1970, case of Maurelette in Marseille », 17th IPHS Conference-Delft 2016 « History, Urbanism, Resilience, Ideas on the Move and Modernisation », juillet 2016. DOI: http://dx.doi.org/10.7480/iphs.2016.1.1194 halshs-01401317<br />
Chilingaryan Nune et Gurjyan Gagik (2013), « Socialist Realism and Armenian Building Tradition : Steps to Form an Unique Architectural Language», in ICOMOS, Journal of the German National Committee, vol. LVIII, 2013, p. 73-80. ISBN 978-3-930388-90-5 (actes du « European expert meeting of ICOMOS on the feasibility of an international serial nomination of 20th century monuments and sites in post-socialist countries for the UNESCO World Heritage List » Warsaw, 14th–15th of April 2013). https://www.icomos.org/images/DOCUMENTS/Secretariat/2014/E-news/e-news_105/ICOMOS_SocialistRealism_Socialist_Modernism_enews.pdf</p>
<h6>articles de revues scientifiques</h6>
<p>Chilingaryan Nune (2006), « Les grands ensembles modernes et les quartiers post modernes: phénomène de l’espace illisible », (en français), in Périodique Recueil des travaux scientifiques de l’UEACE, Erévan 2006, tome I, p. 132-137.<br />
Chilingaryan Nune (2006), « Particularités de l’interprétation françaises de l’idée de la cité-jardin », (en russe), in Périodique Recueil des travaux scientifiques de l’UEACE, Erévan 2006, tome I, pp 138-141.</p>
<h6>Conférences invitées à l’étranger</h6>
<p>Chilingaryan Nune (2013), « Between Rejection and Appropriation. The Architectural Heritage of Socialism in Central and Eastern Europe », Conférence internationale organisée par ICOMOS Germany, Leipzig, Allemagne, novembre 2012,</p>
<h6>autres</h6>
<p>Chilingaryan Nune (2013), « Lyon-la Duchère, histoire d’une modernité à s’approprier », Revue Urbanisme, n°388, Printemps 2013, p. 44-46.</p>

<p>nune.chilingaryan@lyon.archi.fr Architecte, HDR, professeure associée Théorie et Pratique de la Conception Architecturale et Urbaine (TPCAU) à L’ENSA Lyon / chercheure associée au LAURe / Architecte en chef à l’agence d’architecture SARL « KHORAN », (Arménie, Erevan) https://halshs.archives-ouvertes.fr/halshs-01401317v1 https://laureensal.hypotheses.org/nune-chilingaryan spécialités Mots-clés : conception architecturale et urbaine, réhabilitation et restructuration des ensembles du logement social, revalorisation des « grands ensembles » &hellip; <a href="https://www.laure.archi.fr/?page_id=135" class="more-link">Continuer la lecture de <span class="screen-reader-text">Nune Chilingaryan</span> <span class="meta-nav">&rarr;</span></a></p>
