{"id":125,"date":"2016-04-01T13:37:05","date_gmt":"2016-04-01T11:37:05","guid":{"rendered":"http:\/\/laureensal.hypotheses.org\/?page_id=125"},"modified":"2019-09-04T11:01:51","modified_gmt":"2019-09-04T09:01:51","slug":"gilles-desevedavy","status":"publish","type":"page","link":"https:\/\/www.laure.archi.fr\/?page_id=125","title":{"rendered":"Gilles Des\u00e8vedavy"},"content":{"rendered":"<p><img loading=\"lazy\" class=\"alignnone wp-image-441 size-medium\" src=\"http:\/\/labo-laure.lyon.archi.fr\/wp-content\/uploads\/2016\/06\/DESEVEDAVY-GILLES-258x300.jpg\" width=\"258\" height=\"300\" srcset=\"https:\/\/www.laure.archi.fr\/wp-content\/uploads\/2016\/06\/DESEVEDAVY-GILLES-258x300.jpg 258w, https:\/\/www.laure.archi.fr\/wp-content\/uploads\/2016\/06\/DESEVEDAVY-GILLES.jpg 430w\" sizes=\"(max-width: 258px) 100vw, 258px\" \/><\/p>\n<p>gilles.desevedavy@lyon.archi.fr &#8211; T\u00e9l\u00a0: 06 11 71 53 28<\/p>\n<p>Architecte DPLG \/ Docteur en Architecture \/ Ma\u00eetre Assistant titulaire TPCAU \/<\/p>\n<p><strong>Axes de recherche<\/strong><\/p>\n<p style=\"text-align: justify\">\u00ab <em>la discipline est une cat\u00e9gorie organisationnelle au sein de la connaissance scientifique : elle y institue la division et la sp\u00e9cialisation du travail [\u2026]. Bien qu\u2019englob\u00e9e dans un ensemble scientifique plus vaste, une discipline tend naturellement \u00e0 l\u2019autonomie par la d\u00e9limitation de ses fronti\u00e8res, le langage qu\u2019elle se constitue, les techniques qu\u2019elle est amen\u00e9e \u00e0 \u00e9laborer ou \u00e0 utiliser, et \u00e9ventuellement par les th\u00e9ories qui lui sont propres. L\u2019organisation disciplinaire s\u2019est institu\u00e9e au 19e si\u00e8cle notamment avec la formation des universit\u00e9s modernes, puis s\u2019est d\u00e9velopp\u00e9e au 20e s. avec l\u2019essor de la recherche scientifique ; c&rsquo;est-\u00e0-dire que les disciplines ont une histoire : naissance, institutionnalisation, \u00e9volution, d\u00e9p\u00e9rissement, etc. ; cette histoire s\u2019inscrit dans celle de l\u2019universit\u00e9 qui, elle-m\u00eame, s\u2019inscrit dans l\u2019histoire de la soci\u00e9t\u00e9.<\/em> \u00bb<\/p>\n<p style=\"text-align: justify\">Edgar Morin, \u00ab Sur l\u2019interdisciplinarit\u00e9 \u00bb in <em>Les Cahiers de la recherche architecturale et urbaine <\/em>n\u00b0 12, Paris, Editions du Patrimoine, janvier 2003, p.13 (premi\u00e8re parution dans <em>Carrefour des sciences<\/em>, Actes du colloque du CNRS \u00ab Interdisciplinarit\u00e9 \u00bb, Paris, \u00e9ditions du CNRS, 1990)<\/p>\n<p style=\"text-align: justify\">En r\u00e9ponse \u00e0 la cr\u00e9ation de la discipline architecture et de l\u2019apparition en 2014 des premiers doctorats <strong><em>en<\/em><\/strong> architecture en France<a href=\"#_ftn1\" name=\"_ftnref1\"><u>[1]<\/u><\/a>, sur un domaine qui passe ainsi de <em>pratique<\/em> \u00e0 <em>discipline<\/em>, et donc, actuellement sans bruit,\u00a0 de la reconnaissance par les pairs praticiens \u00e0 celle par les pairs scientifiques, avec des cons\u00e9quences pr\u00e9visibles \u00e0 terme dans les domaines de l\u2019enseignement sup\u00e9rieur et de la recherche, de l\u2019expertise et du conseil, mais aussi un potentiel inexploit\u00e9 en France pour l\u2019avant-garde notamment, et en compl\u00e9ment de la n\u00e9cessaire scientificit\u00e9 nous avons cr\u00e9\u00e9 \u00ab\u00a0<em>architecturicit\u00e9<\/em>\u00a0\u00bb.<\/p>\n<p style=\"text-align: justify\">C\u2019est l\u00e0 le sujet de mon premier Doctorat en architecture par \u0153uvre (VAE) [ \u00ab\u00a0Qui dira l\u2019architecture\u00a0? CRISE(s) 2014 ] et de la HDR en cours de pr\u00e9paration [ \u00ab\u00a0une nouvelle <em>architecturicit\u00e9\u00a0<\/em>?\u00a0\u00bb]<\/p>\n<p style=\"text-align: justify\"><a href=\"#_ftnref1\" name=\"_ftn1\"><u>[1]<\/u><\/a> Des travaux disciplinaires (histoire etc \u2026) \u00ab\u00a0sur\u00a0\u00bb architecture existent depuis longtemps en France, et le Doctorat en architecture by Design existe \u00e0 l\u2019\u00e9tranger.<\/p>\n<p>&nbsp;<\/p>\n<p><strong>Responsabilit\u00e9s collectives<\/strong><\/p>\n<ul>\n<li>Membre de la CPR<\/li>\n<li>Responsable du Double Cursus ENSAL\/ECL\/INSA\/ENTPE<\/li>\n<li>Co- responsable du Domaine d\u2019Etude de Master ALTer-native<\/li>\n<li>( &#8211;\u00a0\u00a0\u00a0\u00a0 ex responsable scientifique du LAURE, en 2015 comme doyen du bureau \u00e9lu )<\/li>\n<\/ul>\n<p><strong>Communications\/Publications (les 5 plus significatives)<\/strong><\/p>\n<p style=\"text-align: justify\">&#8211; Bala\u00ff O. Des\u00e8vedavy G. Madec\u00a0 P., 2010, <em>L\u2019atmosph\u00e8re de la multitude<\/em>. (PUCA) MAPA N\u00b0 D09.22 (090231) du 27 d\u00e9cembre 2009. Minist\u00e8re de l\u2019Ecologie, du D\u00e9veloppement Durable, des Transports et du Logement. Plan Urbanisme Construction Architecture<\/p>\n<p style=\"text-align: justify\">&#8211; Des\u00e8vedavy G., 2008, <em>Vers un immeuble durable \u2026 et aim\u00e9\u00a0?,<\/em> Rapport Final, Programme Interdisciplinaire de Recherche \u00ab\u00a0Art Architecture et Paysage\u00a0\u00bb session 2004 MCC DAPA Bureau de la Recherche Architecturale et Paysag\u00e8re.<\/p>\n<p style=\"text-align: justify\">&#8211; Des\u00e8vedavy G. 2002, <em>La neutralit\u00e9 Bienveillante<\/em>, Convention DICREAM N\u00b0 7214522001 Minist\u00e8re de la culture et de la communication, DAP<\/p>\n<p style=\"text-align: justify\">&#8211; Roche, DSV &amp; Sie , 1994, <em>L\u2019ombre du cam\u00e9l\u00e9on (trash mim\u00e9sis),<\/em> Paris , Institut Fran\u00e7ais d\u2019Architecture \/ Karedas,<\/p>\n<p style=\"text-align: justify\"><strong>&#8211; <\/strong>Etablissement Public du Centre de Conf\u00e9rences Internationales de Paris, 1992, \u201c<em>Quai Branly, Concours pour le centre de Conf\u00e9rences internationales de Paris\u00a0\u00bb <\/em> Paris, Institut Fran\u00e7ais d\u2019Architecture \/ Rome, Edition Carte Segrete<\/p>\n<p style=\"text-align: justify\"><a href=\"http:\/\/labo-laure.lyon.archi.fr\/wp-content\/uploads\/2016\/04\/CV-2015-Des\u00e8vedavy-Gilles-FF-V5.pdf\">CV Gilles Des\u00e8vedavy <\/a><\/p>\n","protected":false},"excerpt":{"rendered":"<p>gilles.desevedavy@lyon.archi.fr &#8211; T\u00e9l\u00a0: 06 11 71 53 28 Architecte DPLG \/ Docteur en Architecture \/ Ma\u00eetre Assistant titulaire TPCAU \/ Axes de recherche \u00ab la discipline est une cat\u00e9gorie organisationnelle au sein de la connaissance scientifique : elle y institue la division et la sp\u00e9cialisation du travail [\u2026]. Bien qu\u2019englob\u00e9e dans un ensemble scientifique plus &hellip; <a href=\"https:\/\/www.laure.archi.fr\/?page_id=125\" class=\"more-link\">Continuer la lecture de <span class=\"screen-reader-text\">Gilles Des\u00e8vedavy<\/span> <span class=\"meta-nav\">&rarr;<\/span><\/a><\/p>\n","protected":false},"author":2,"featured_media":0,"parent":19,"menu_order":0,"comment_status":"closed","ping_status":"closed","template":"","meta":[],"_links":{"self":[{"href":"https:\/\/www.laure.archi.fr\/index.php?rest_route=\/wp\/v2\/pages\/125"}],"collection":[{"href":"https:\/\/www.laure.archi.fr\/index.php?rest_route=\/wp\/v2\/pages"}],"about":[{"href":"https:\/\/www.laure.archi.fr\/index.php?rest_route=\/wp\/v2\/types\/page"}],"author":[{"embeddable":true,"href":"https:\/\/www.laure.archi.fr\/index.php?rest_route=\/wp\/v2\/users\/2"}],"replies":[{"embeddable":true,"href":"https:\/\/www.laure.archi.fr\/index.php?rest_route=%2Fwp%2Fv2%2Fcomments&post=125"}],"version-history":[{"count":1,"href":"https:\/\/www.laure.archi.fr\/index.php?rest_route=\/wp\/v2\/pages\/125\/revisions"}],"predecessor-version":[{"id":1150,"href":"https:\/\/www.laure.archi.fr\/index.php?rest_route=\/wp\/v2\/pages\/125\/revisions\/1150"}],"up":[{"embeddable":true,"href":"https:\/\/www.laure.archi.fr\/index.php?rest_route=\/wp\/v2\/pages\/19"}],"wp:attachment":[{"href":"https:\/\/www.laure.archi.fr\/index.php?rest_route=%2Fwp%2Fv2%2Fmedia&parent=125"}],"curies":[{"name":"wp","href":"https:\/\/api.w.org\/{rel}","templated":true}]}}