{"id":1131,"date":"2019-07-15T11:01:53","date_gmt":"2019-07-15T09:01:53","guid":{"rendered":"https:\/\/www.laure.archi.fr\/?page_id=1131"},"modified":"2019-07-15T11:23:00","modified_gmt":"2019-07-15T09:23:00","slug":"thomas-gluckin","status":"publish","type":"page","link":"https:\/\/www.laure.archi.fr\/?page_id=1131","title":{"rendered":"Thomas Gluckin"},"content":{"rendered":"\n<p> <strong>Doctorant en histoire de l\u2019architecture \u00e0 l\u2019ENSA<\/strong><br>  <a href=\"http:\/\/www.theses.fr\/s205112\">http:\/\/www.theses.fr\/s205112<\/a> <br>  tomagl@hotmail.fr <\/p>\n\n\n\n<h4> pr\u00e9sentation synth\u00e9tique<\/h4>\n\n\n\n<p> Ma th\u00e8se de doctorat porte sur la strat\u00e9gie visuelle \u00e9tablie par l\u2019architecte Guy Rottier (1922-2013) avec une focalisation sur ses \u0153uvres de la p\u00e9riode 1953-1973. C\u2019est en effet, la p\u00e9riode la plus f\u00e9conde pour cet architecte qui, apr\u00e8s avoir particip\u00e9 aux 3 derniers congr\u00e8s internationaux d\u2019architecture moderneCIAM, rejoint en 1965 le Groupe International d\u2019architecture prospective (GIAP) autour du critique d\u2019art Michel Ragon et du groupe de l\u2019Ecole de Nice autour du sculpteur Arman. Il y d\u00e9veloppe alors de nombreux projets marqu\u00e9s par les recherches tant plastiques que structurelles de ces deux groupes. Qualifi\u00e9 d\u2019architecte prospectif, son \u0153uvre ne correspond pourtant pas \u00e0 la d\u00e9finition de cette constellation d\u2019architectes et d\u2019artistes puisque de nombreux travaux s\u2019av\u00e8rent plus des essais autour des notions d\u2019\u00e9cologie, de bricolage voire de critique sociale<\/p>\n\n\n\n<h4>Enseignement<\/h4>\n\n\n\n<p>cours d\u2019initiation \u00e0 l\u2019histoire de l\u2019architecture \u00e0 l\u2019universit\u00e9 populaire europ\u00e9enne (Strasbourg, septembre 2018 \u2013 mai 2019)<\/p>\n\n\n\n<h4>Publications<\/h4>\n\n\n\n<p> Gluckin Thomas (2017), \u00ab Andr\u00e9 Bruy\u00e8re et la synth\u00e8se des arts : projet de village polychrome avec Fernand L\u00e9ger (1953 \u00bb in In Situ, n\u00b032, 2017.<br> Gluckin Thomas (2017), articles pour 1880-1930, dictionnaire culturel de Strasbourg, dir. Roland Recht et Jean-Claude Richez, Strasbourg, presses universitaires de Strasbourg, 2017, 597 p.<br> Gluckin Thomas (2019), \u00ab La pluralit\u00e9 des m\u00e9dias dans un fonds d\u2019architecte th\u00e9oricien, une complexit\u00e9 de traitement ? \u00bb, participation au s\u00e9minaire de master \u00ab faire l\u2019histoire du projet \u00bb, domaine d\u2019\u00e9tude Architecture, H\u00e9ritage et Durabilit\u00e9, ENSAL, Vaulx-en-Velin, 06 f\u00e9vrier 2019<br><\/p>\n","protected":false},"excerpt":{"rendered":"<p>Doctorant en histoire de l\u2019architecture \u00e0 l\u2019ENSA http:\/\/www.theses.fr\/s205112 tomagl@hotmail.fr pr\u00e9sentation synth\u00e9tique Ma th\u00e8se de doctorat porte sur la strat\u00e9gie visuelle \u00e9tablie par l\u2019architecte Guy Rottier (1922-2013) avec une focalisation sur ses \u0153uvres de la p\u00e9riode 1953-1973. C\u2019est en effet, la p\u00e9riode la plus f\u00e9conde pour cet architecte qui, apr\u00e8s avoir particip\u00e9 aux 3 derniers congr\u00e8s &hellip; <a href=\"https:\/\/www.laure.archi.fr\/?page_id=1131\" class=\"more-link\">Continuer la lecture de <span class=\"screen-reader-text\">Thomas Gluckin<\/span> <span class=\"meta-nav\">&rarr;<\/span><\/a><\/p>\n","protected":false},"author":1,"featured_media":0,"parent":19,"menu_order":0,"comment_status":"closed","ping_status":"closed","template":"","meta":[],"_links":{"self":[{"href":"https:\/\/www.laure.archi.fr\/index.php?rest_route=\/wp\/v2\/pages\/1131"}],"collection":[{"href":"https:\/\/www.laure.archi.fr\/index.php?rest_route=\/wp\/v2\/pages"}],"about":[{"href":"https:\/\/www.laure.archi.fr\/index.php?rest_route=\/wp\/v2\/types\/page"}],"author":[{"embeddable":true,"href":"https:\/\/www.laure.archi.fr\/index.php?rest_route=\/wp\/v2\/users\/1"}],"replies":[{"embeddable":true,"href":"https:\/\/www.laure.archi.fr\/index.php?rest_route=%2Fwp%2Fv2%2Fcomments&post=1131"}],"version-history":[{"count":3,"href":"https:\/\/www.laure.archi.fr\/index.php?rest_route=\/wp\/v2\/pages\/1131\/revisions"}],"predecessor-version":[{"id":1135,"href":"https:\/\/www.laure.archi.fr\/index.php?rest_route=\/wp\/v2\/pages\/1131\/revisions\/1135"}],"up":[{"embeddable":true,"href":"https:\/\/www.laure.archi.fr\/index.php?rest_route=\/wp\/v2\/pages\/19"}],"wp:attachment":[{"href":"https:\/\/www.laure.archi.fr\/index.php?rest_route=%2Fwp%2Fv2%2Fmedia&parent=1131"}],"curies":[{"name":"wp","href":"https:\/\/api.w.org\/{rel}","templated":true}]}}

<p> <strong>Doctorant en histoire de l’architecture à l’ENSA</strong><br>  <a href="http://www.theses.fr/s205112">http://www.theses.fr/s205112</a> <br>  tomagl@hotmail.fr </p>



<h4> présentation synthétique</h4>



<p> Ma thèse de doctorat porte sur la stratégie visuelle établie par l’architecte Guy Rottier (1922-2013) avec une focalisation sur ses œuvres de la période 1953-1973. C’est en effet, la période la plus féconde pour cet architecte qui, après avoir participé aux 3 derniers congrès internationaux d’architecture moderneCIAM, rejoint en 1965 le Groupe International d’architecture prospective (GIAP) autour du critique d’art Michel Ragon et du groupe de l’Ecole de Nice autour du sculpteur Arman. Il y développe alors de nombreux projets marqués par les recherches tant plastiques que structurelles de ces deux groupes. Qualifié d’architecte prospectif, son œuvre ne correspond pourtant pas à la définition de cette constellation d’architectes et d’artistes puisque de nombreux travaux s’avèrent plus des essais autour des notions d’écologie, de bricolage voire de critique sociale</p>



<h4>Enseignement</h4>



<p>cours d’initiation à l’histoire de l’architecture à l’université populaire européenne (Strasbourg, septembre 2018 – mai 2019)</p>



<h4>Publications</h4>



<p> Gluckin Thomas (2017), « André Bruyère et la synthèse des arts : projet de village polychrome avec Fernand Léger (1953 » in In Situ, n°32, 2017.<br> Gluckin Thomas (2017), articles pour 1880-1930, dictionnaire culturel de Strasbourg, dir. Roland Recht et Jean-Claude Richez, Strasbourg, presses universitaires de Strasbourg, 2017, 597 p.<br> Gluckin Thomas (2019), « La pluralité des médias dans un fonds d’architecte théoricien, une complexité de traitement ? », participation au séminaire de master « faire l’histoire du projet », domaine d’étude Architecture, Héritage et Durabilité, ENSAL, Vaulx-en-Velin, 06 février 2019<br></p>

<p>Doctorant en histoire de l’architecture à l’ENSA http://www.theses.fr/s205112 tomagl@hotmail.fr présentation synthétique Ma thèse de doctorat porte sur la stratégie visuelle établie par l’architecte Guy Rottier (1922-2013) avec une focalisation sur ses œuvres de la période 1953-1973. C’est en effet, la période la plus féconde pour cet architecte qui, après avoir participé aux 3 derniers congrès &hellip; <a href="https://www.laure.archi.fr/?page_id=1131" class="more-link">Continuer la lecture de <span class="screen-reader-text">Thomas Gluckin</span> <span class="meta-nav">&rarr;</span></a></p>
